{"id":18252,"date":"2025-04-21T09:36:53","date_gmt":"2025-04-21T09:36:53","guid":{"rendered":"https:\/\/marouti.ma\/?post_type=product&#038;p=18252"},"modified":"2025-04-21T09:36:53","modified_gmt":"2025-04-21T09:36:53","slug":"etagere-coin-inox-double","status":"publish","type":"product","link":"https:\/\/marouti.ma\/index.php\/product\/etagere-coin-inox-double\/","title":{"rendered":"\u00e9tag\u00e8re coin inox double"},"content":{"rendered":"<ul>\n<li>L&rsquo;\u00e9tag\u00e8re de salle de bain d&rsquo;angle \u00e0 deux niveaux est un accessoire de rangement \u00e9l\u00e9gant et pratique pour votre salle de bain.<\/li>\n<li>Fabriqu\u00e9e en acier inoxydable de haute qualit\u00e9, cette \u00e9tag\u00e8re est con\u00e7ue pour r\u00e9sister aux rigueurs de l&rsquo;environnement de la salle de bain.<\/li>\n<li>Avec deux niveaux \u00e0 votre disposition, cette \u00e9tag\u00e8re offre amplement d&rsquo;espace pour les serviettes, les articles de toilette, les produits de soins de la peau et plus encore.<\/li>\n<\/ul>\n","protected":false},"excerpt":{"rendered":"<p>L&rsquo;\u00e9tag\u00e8re de salle de bain d&rsquo;angle \u00e0 deux niveaux est un accessoire de rangement \u00e9l\u00e9gant et pratique pour votre salle<\/p>\n","protected":false},"featured_media":18254,"comment_status":"open","ping_status":"closed","template":"","meta":{"_themeisle_gutenberg_block_has_review":false,"_joinchat":[]},"product_cat":[566,571],"product_tag":[],"_links":{"self":[{"href":"https:\/\/marouti.ma\/index.php\/wp-json\/wp\/v2\/product\/18252"}],"collection":[{"href":"https:\/\/marouti.ma\/index.php\/wp-json\/wp\/v2\/product"}],"about":[{"href":"https:\/\/marouti.ma\/index.php\/wp-json\/wp\/v2\/types\/product"}],"replies":[{"embeddable":true,"href":"https:\/\/marouti.ma\/index.php\/wp-json\/wp\/v2\/comments?post=18252"}],"version-history":[{"count":1,"href":"https:\/\/marouti.ma\/index.php\/wp-json\/wp\/v2\/product\/18252\/revisions"}],"predecessor-version":[{"id":18255,"href":"https:\/\/marouti.ma\/index.php\/wp-json\/wp\/v2\/product\/18252\/revisions\/18255"}],"wp:featuredmedia":[{"embeddable":true,"href":"https:\/\/marouti.ma\/index.php\/wp-json\/wp\/v2\/media\/18254"}],"wp:attachment":[{"href":"https:\/\/marouti.ma\/index.php\/wp-json\/wp\/v2\/media?parent=18252"}],"wp:term":[{"taxonomy":"product_cat","embeddable":true,"href":"https:\/\/marouti.ma\/index.php\/wp-json\/wp\/v2\/product_cat?post=18252"},{"taxonomy":"product_tag","embeddable":true,"href":"https:\/\/marouti.ma\/index.php\/wp-json\/wp\/v2\/product_tag?post=18252"}],"curies":[{"name":"wp","href":"https:\/\/api.w.org\/{rel}","templated":true}]}}