{"id":18237,"date":"2025-04-21T08:50:44","date_gmt":"2025-04-21T08:50:44","guid":{"rendered":"https:\/\/marouti.ma\/?post_type=product&#038;p=18237"},"modified":"2025-04-21T08:50:44","modified_gmt":"2025-04-21T08:50:44","slug":"porte-papier-inox-304","status":"publish","type":"product","link":"https:\/\/marouti.ma\/index.php\/product\/porte-papier-inox-304\/","title":{"rendered":"porte papier inox 304"},"content":{"rendered":"<ul>\n<li>un <strong>porte-papier toilette mural<\/strong> au design <strong>moderne et minimaliste<\/strong>.<\/li>\n<li>Il est fabriqu\u00e9 en <strong>acier inoxydable 304<\/strong>, ce qui lui conf\u00e8re une apparence <strong>\u00e9l\u00e9gante et durable<\/strong> avec une finition <strong>m\u00e9tallique bross\u00e9e ou polie<\/strong><\/li>\n<li>un accessoire de salle de bain <strong>fonctionnel, esth\u00e9tique et con\u00e7u pour durer<\/strong> gr\u00e2ce \u00e0 son mat\u00e9riau de fabrication.<\/li>\n<\/ul>\n","protected":false},"excerpt":{"rendered":"<p>un porte-papier toilette mural au design moderne et minimaliste. Il est fabriqu\u00e9 en acier inoxydable 304, ce qui lui conf\u00e8re<\/p>\n","protected":false},"featured_media":18238,"comment_status":"open","ping_status":"closed","template":"","meta":{"_themeisle_gutenberg_block_has_review":false,"_joinchat":[]},"product_cat":[566,592],"product_tag":[],"_links":{"self":[{"href":"https:\/\/marouti.ma\/index.php\/wp-json\/wp\/v2\/product\/18237"}],"collection":[{"href":"https:\/\/marouti.ma\/index.php\/wp-json\/wp\/v2\/product"}],"about":[{"href":"https:\/\/marouti.ma\/index.php\/wp-json\/wp\/v2\/types\/product"}],"replies":[{"embeddable":true,"href":"https:\/\/marouti.ma\/index.php\/wp-json\/wp\/v2\/comments?post=18237"}],"version-history":[{"count":1,"href":"https:\/\/marouti.ma\/index.php\/wp-json\/wp\/v2\/product\/18237\/revisions"}],"predecessor-version":[{"id":18240,"href":"https:\/\/marouti.ma\/index.php\/wp-json\/wp\/v2\/product\/18237\/revisions\/18240"}],"wp:featuredmedia":[{"embeddable":true,"href":"https:\/\/marouti.ma\/index.php\/wp-json\/wp\/v2\/media\/18238"}],"wp:attachment":[{"href":"https:\/\/marouti.ma\/index.php\/wp-json\/wp\/v2\/media?parent=18237"}],"wp:term":[{"taxonomy":"product_cat","embeddable":true,"href":"https:\/\/marouti.ma\/index.php\/wp-json\/wp\/v2\/product_cat?post=18237"},{"taxonomy":"product_tag","embeddable":true,"href":"https:\/\/marouti.ma\/index.php\/wp-json\/wp\/v2\/product_tag?post=18237"}],"curies":[{"name":"wp","href":"https:\/\/api.w.org\/{rel}","templated":true}]}}