{"id":18222,"date":"2025-04-19T11:03:21","date_gmt":"2025-04-19T11:03:21","guid":{"rendered":"https:\/\/marouti.ma\/?post_type=product&#038;p=18222"},"modified":"2025-04-19T11:03:21","modified_gmt":"2025-04-19T11:03:21","slug":"porte-serviette-simple-dore","status":"publish","type":"product","link":"https:\/\/marouti.ma\/index.php\/product\/porte-serviette-simple-dore\/","title":{"rendered":"porte serviette simple dor\u00e9"},"content":{"rendered":"<ul>\n<li>Ce porte-serviettes mural pr\u00e9sente une finition dor\u00e9e bross\u00e9e<\/li>\n<li>Sa conception \u00e9pur\u00e9e se caract\u00e9rise par une longue barre cylindrique<\/li>\n<li>La longueur de la barre sugg\u00e8re qu&rsquo;elle peut accueillir une serviette de bain standard ou plusieurs serviettes de toilette pli\u00e9es<\/li>\n<\/ul>\n","protected":false},"excerpt":{"rendered":"<p>Ce porte-serviettes mural pr\u00e9sente une finition dor\u00e9e bross\u00e9e Sa conception \u00e9pur\u00e9e se caract\u00e9rise par une longue barre cylindrique La longueur<\/p>\n","protected":false},"featured_media":18223,"comment_status":"open","ping_status":"closed","template":"","meta":{"_themeisle_gutenberg_block_has_review":false,"_joinchat":[]},"product_cat":[566,569],"product_tag":[],"_links":{"self":[{"href":"https:\/\/marouti.ma\/index.php\/wp-json\/wp\/v2\/product\/18222"}],"collection":[{"href":"https:\/\/marouti.ma\/index.php\/wp-json\/wp\/v2\/product"}],"about":[{"href":"https:\/\/marouti.ma\/index.php\/wp-json\/wp\/v2\/types\/product"}],"replies":[{"embeddable":true,"href":"https:\/\/marouti.ma\/index.php\/wp-json\/wp\/v2\/comments?post=18222"}],"version-history":[{"count":1,"href":"https:\/\/marouti.ma\/index.php\/wp-json\/wp\/v2\/product\/18222\/revisions"}],"predecessor-version":[{"id":18224,"href":"https:\/\/marouti.ma\/index.php\/wp-json\/wp\/v2\/product\/18222\/revisions\/18224"}],"wp:featuredmedia":[{"embeddable":true,"href":"https:\/\/marouti.ma\/index.php\/wp-json\/wp\/v2\/media\/18223"}],"wp:attachment":[{"href":"https:\/\/marouti.ma\/index.php\/wp-json\/wp\/v2\/media?parent=18222"}],"wp:term":[{"taxonomy":"product_cat","embeddable":true,"href":"https:\/\/marouti.ma\/index.php\/wp-json\/wp\/v2\/product_cat?post=18222"},{"taxonomy":"product_tag","embeddable":true,"href":"https:\/\/marouti.ma\/index.php\/wp-json\/wp\/v2\/product_tag?post=18222"}],"curies":[{"name":"wp","href":"https:\/\/api.w.org\/{rel}","templated":true}]}}