{"id":18158,"date":"2025-04-18T11:07:09","date_gmt":"2025-04-18T11:07:09","guid":{"rendered":"https:\/\/marouti.ma\/?post_type=product&#038;p=18158"},"modified":"2025-04-21T15:50:00","modified_gmt":"2025-04-21T15:50:00","slug":"porte-papier-dore","status":"publish","type":"product","link":"https:\/\/marouti.ma\/index.php\/product\/porte-papier-dore\/","title":{"rendered":"porte papier dor\u00e9 ronde"},"content":{"rendered":"<ul>\n<li>Ce support mural pour papier toilette est con\u00e7u pour \u00eatre fix\u00e9 au mur de votre salle de bain.<\/li>\n<li>Il est fabriqu\u00e9 en m\u00e9tal de couleur dor\u00e9e, ce qui lui donne un aspect \u00e9l\u00e9gant et moderne.<\/li>\n<li>Le support se compose d&rsquo;une base circulaire fix\u00e9e au mur, d&rsquo;un bras horizontal sur lequel se place le rouleau de papier toilette, et d&rsquo;un clapet rabattable.<\/li>\n<\/ul>\n","protected":false},"excerpt":{"rendered":"<p>Ce support mural pour papier toilette est con\u00e7u pour \u00eatre fix\u00e9 au mur de votre salle de bain. Il est<\/p>\n","protected":false},"featured_media":18160,"comment_status":"open","ping_status":"closed","template":"","meta":{"_themeisle_gutenberg_block_has_review":false,"_joinchat":[]},"product_cat":[566,592],"product_tag":[],"_links":{"self":[{"href":"https:\/\/marouti.ma\/index.php\/wp-json\/wp\/v2\/product\/18158"}],"collection":[{"href":"https:\/\/marouti.ma\/index.php\/wp-json\/wp\/v2\/product"}],"about":[{"href":"https:\/\/marouti.ma\/index.php\/wp-json\/wp\/v2\/types\/product"}],"replies":[{"embeddable":true,"href":"https:\/\/marouti.ma\/index.php\/wp-json\/wp\/v2\/comments?post=18158"}],"version-history":[{"count":2,"href":"https:\/\/marouti.ma\/index.php\/wp-json\/wp\/v2\/product\/18158\/revisions"}],"predecessor-version":[{"id":18257,"href":"https:\/\/marouti.ma\/index.php\/wp-json\/wp\/v2\/product\/18158\/revisions\/18257"}],"wp:featuredmedia":[{"embeddable":true,"href":"https:\/\/marouti.ma\/index.php\/wp-json\/wp\/v2\/media\/18160"}],"wp:attachment":[{"href":"https:\/\/marouti.ma\/index.php\/wp-json\/wp\/v2\/media?parent=18158"}],"wp:term":[{"taxonomy":"product_cat","embeddable":true,"href":"https:\/\/marouti.ma\/index.php\/wp-json\/wp\/v2\/product_cat?post=18158"},{"taxonomy":"product_tag","embeddable":true,"href":"https:\/\/marouti.ma\/index.php\/wp-json\/wp\/v2\/product_tag?post=18158"}],"curies":[{"name":"wp","href":"https:\/\/api.w.org\/{rel}","templated":true}]}}