{"id":18061,"date":"2025-04-14T10:43:49","date_gmt":"2025-04-14T10:43:49","guid":{"rendered":"https:\/\/marouti.ma\/?post_type=product&#038;p=18061"},"modified":"2025-04-14T10:43:49","modified_gmt":"2025-04-14T10:43:49","slug":"etagere-face-verre-inox-simple-porte-serviette","status":"publish","type":"product","link":"https:\/\/marouti.ma\/index.php\/product\/etagere-face-verre-inox-simple-porte-serviette\/","title":{"rendered":"\u00e9tagere face verre inox simple +porte serviette"},"content":{"rendered":"<ul>\n<li>une \u00e9tag\u00e8re de douche\/salle de bain .<\/li>\n<li>Le niveau sup\u00e9rieur est une \u00e9tag\u00e8re en verre d\u00e9poli de forme rectangulaire avec des bords sur\u00e9lev\u00e9s pour emp\u00eacher les objets de glisser.<\/li>\n<li>Le niveau inf\u00e9rieur est une barre m\u00e9tallique servant de porte-serviettes.<\/li>\n<li>L&rsquo;\u00e9tag\u00e8re est con\u00e7ue pour \u00eatre fix\u00e9e au mur.<\/li>\n<\/ul>\n","protected":false},"excerpt":{"rendered":"<p>une \u00e9tag\u00e8re de douche\/salle de bain . Le niveau sup\u00e9rieur est une \u00e9tag\u00e8re en verre d\u00e9poli de forme rectangulaire avec<\/p>\n","protected":false},"featured_media":18063,"comment_status":"open","ping_status":"closed","template":"","meta":{"_themeisle_gutenberg_block_has_review":false,"_joinchat":[]},"product_cat":[566,571],"product_tag":[],"_links":{"self":[{"href":"https:\/\/marouti.ma\/index.php\/wp-json\/wp\/v2\/product\/18061"}],"collection":[{"href":"https:\/\/marouti.ma\/index.php\/wp-json\/wp\/v2\/product"}],"about":[{"href":"https:\/\/marouti.ma\/index.php\/wp-json\/wp\/v2\/types\/product"}],"replies":[{"embeddable":true,"href":"https:\/\/marouti.ma\/index.php\/wp-json\/wp\/v2\/comments?post=18061"}],"version-history":[{"count":1,"href":"https:\/\/marouti.ma\/index.php\/wp-json\/wp\/v2\/product\/18061\/revisions"}],"predecessor-version":[{"id":18064,"href":"https:\/\/marouti.ma\/index.php\/wp-json\/wp\/v2\/product\/18061\/revisions\/18064"}],"wp:featuredmedia":[{"embeddable":true,"href":"https:\/\/marouti.ma\/index.php\/wp-json\/wp\/v2\/media\/18063"}],"wp:attachment":[{"href":"https:\/\/marouti.ma\/index.php\/wp-json\/wp\/v2\/media?parent=18061"}],"wp:term":[{"taxonomy":"product_cat","embeddable":true,"href":"https:\/\/marouti.ma\/index.php\/wp-json\/wp\/v2\/product_cat?post=18061"},{"taxonomy":"product_tag","embeddable":true,"href":"https:\/\/marouti.ma\/index.php\/wp-json\/wp\/v2\/product_tag?post=18061"}],"curies":[{"name":"wp","href":"https:\/\/api.w.org\/{rel}","templated":true}]}}