{"id":18041,"date":"2025-04-14T08:56:20","date_gmt":"2025-04-14T08:56:20","guid":{"rendered":"https:\/\/marouti.ma\/?post_type=product&#038;p=18041"},"modified":"2025-04-14T08:56:20","modified_gmt":"2025-04-14T08:56:20","slug":"etagere-face-double-inox","status":"publish","type":"product","link":"https:\/\/marouti.ma\/index.php\/product\/etagere-face-double-inox\/","title":{"rendered":"\u00e9tag\u00e8re face double inox"},"content":{"rendered":"<ul>\n<li>une <strong>\u00e9tag\u00e8re de salle de bain rectangulaire \u00e0 plusieurs niveaux en acier inoxydable 304 <\/strong><\/li>\n<li>Les \u00e9tag\u00e8res ont une conception \u00e0 lattes pour le drainage.<\/li>\n<li>Il y a \u00e9galement des rebords autour de chaque \u00e9tag\u00e8re pour aider \u00e0 maintenir les objets en place.<\/li>\n<\/ul>\n","protected":false},"excerpt":{"rendered":"<p>une \u00e9tag\u00e8re de salle de bain rectangulaire \u00e0 plusieurs niveaux en acier inoxydable 304 Les \u00e9tag\u00e8res ont une conception \u00e0<\/p>\n","protected":false},"featured_media":18043,"comment_status":"open","ping_status":"closed","template":"","meta":{"_themeisle_gutenberg_block_has_review":false,"_joinchat":[]},"product_cat":[566,571],"product_tag":[],"_links":{"self":[{"href":"https:\/\/marouti.ma\/index.php\/wp-json\/wp\/v2\/product\/18041"}],"collection":[{"href":"https:\/\/marouti.ma\/index.php\/wp-json\/wp\/v2\/product"}],"about":[{"href":"https:\/\/marouti.ma\/index.php\/wp-json\/wp\/v2\/types\/product"}],"replies":[{"embeddable":true,"href":"https:\/\/marouti.ma\/index.php\/wp-json\/wp\/v2\/comments?post=18041"}],"version-history":[{"count":1,"href":"https:\/\/marouti.ma\/index.php\/wp-json\/wp\/v2\/product\/18041\/revisions"}],"predecessor-version":[{"id":18045,"href":"https:\/\/marouti.ma\/index.php\/wp-json\/wp\/v2\/product\/18041\/revisions\/18045"}],"wp:featuredmedia":[{"embeddable":true,"href":"https:\/\/marouti.ma\/index.php\/wp-json\/wp\/v2\/media\/18043"}],"wp:attachment":[{"href":"https:\/\/marouti.ma\/index.php\/wp-json\/wp\/v2\/media?parent=18041"}],"wp:term":[{"taxonomy":"product_cat","embeddable":true,"href":"https:\/\/marouti.ma\/index.php\/wp-json\/wp\/v2\/product_cat?post=18041"},{"taxonomy":"product_tag","embeddable":true,"href":"https:\/\/marouti.ma\/index.php\/wp-json\/wp\/v2\/product_tag?post=18041"}],"curies":[{"name":"wp","href":"https:\/\/api.w.org\/{rel}","templated":true}]}}