{"id":18000,"date":"2025-04-12T09:00:06","date_gmt":"2025-04-12T09:00:06","guid":{"rendered":"https:\/\/marouti.ma\/?post_type=product&#038;p=18000"},"modified":"2025-04-12T09:00:06","modified_gmt":"2025-04-12T09:00:06","slug":"poubelle-inox-carre-12l","status":"publish","type":"product","link":"https:\/\/marouti.ma\/index.php\/product\/poubelle-inox-carre-12l\/","title":{"rendered":"poubelle inox carre 12L"},"content":{"rendered":"<ul>\n<li>La poubelle a une forme rectangulaire avec des coins l\u00e9g\u00e8rement arrondis.<\/li>\n<li>Elle est principalement fabriqu\u00e9e en acier inoxydable bross\u00e9, lui donnant un aspect moderne et \u00e9pur\u00e9<\/li>\n<li>Le couvercle est plat et \u00e9galement en acier inoxydable.<\/li>\n<li>Il est dot\u00e9 d&rsquo;une poign\u00e9e de transport en m\u00e9tal chrom\u00e9 sur le dessus, facilitant le d\u00e9placement de la poubelle<\/li>\n<\/ul>\n","protected":false},"excerpt":{"rendered":"<p>La poubelle a une forme rectangulaire avec des coins l\u00e9g\u00e8rement arrondis. Elle est principalement fabriqu\u00e9e en acier inoxydable bross\u00e9, lui<\/p>\n","protected":false},"featured_media":18001,"comment_status":"open","ping_status":"closed","template":"","meta":{"_themeisle_gutenberg_block_has_review":false,"_joinchat":[]},"product_cat":[566,570],"product_tag":[],"_links":{"self":[{"href":"https:\/\/marouti.ma\/index.php\/wp-json\/wp\/v2\/product\/18000"}],"collection":[{"href":"https:\/\/marouti.ma\/index.php\/wp-json\/wp\/v2\/product"}],"about":[{"href":"https:\/\/marouti.ma\/index.php\/wp-json\/wp\/v2\/types\/product"}],"replies":[{"embeddable":true,"href":"https:\/\/marouti.ma\/index.php\/wp-json\/wp\/v2\/comments?post=18000"}],"version-history":[{"count":1,"href":"https:\/\/marouti.ma\/index.php\/wp-json\/wp\/v2\/product\/18000\/revisions"}],"predecessor-version":[{"id":18002,"href":"https:\/\/marouti.ma\/index.php\/wp-json\/wp\/v2\/product\/18000\/revisions\/18002"}],"wp:featuredmedia":[{"embeddable":true,"href":"https:\/\/marouti.ma\/index.php\/wp-json\/wp\/v2\/media\/18001"}],"wp:attachment":[{"href":"https:\/\/marouti.ma\/index.php\/wp-json\/wp\/v2\/media?parent=18000"}],"wp:term":[{"taxonomy":"product_cat","embeddable":true,"href":"https:\/\/marouti.ma\/index.php\/wp-json\/wp\/v2\/product_cat?post=18000"},{"taxonomy":"product_tag","embeddable":true,"href":"https:\/\/marouti.ma\/index.php\/wp-json\/wp\/v2\/product_tag?post=18000"}],"curies":[{"name":"wp","href":"https:\/\/api.w.org\/{rel}","templated":true}]}}