{"id":17975,"date":"2025-04-11T15:38:53","date_gmt":"2025-04-11T15:38:53","guid":{"rendered":"https:\/\/marouti.ma\/?post_type=product&#038;p=17975"},"modified":"2025-04-11T15:38:53","modified_gmt":"2025-04-11T15:38:53","slug":"brosse-wc-inox-rond-decor-noir","status":"publish","type":"product","link":"https:\/\/marouti.ma\/index.php\/product\/brosse-wc-inox-rond-decor-noir\/","title":{"rendered":"Brosse WC inox rond d\u00e9cor noir"},"content":{"rendered":"<ul>\n<li style=\"text-align: left;\">une <strong>brosse de toilette a une forme cylindrique simple pour le support et le manche de la brosse.<\/strong><\/li>\n<li data-sourcepos=\"4:1-4:103\">L&rsquo;ensemble, y compris le support et le manche de la brosse, semble \u00eatre noir mat.<\/li>\n<li data-sourcepos=\"4:1-4:103\">L&rsquo;ensemble d\u00e9gage une impression de <strong>simplicit\u00e9 et de fonctionnalit\u00e9<\/strong>.<\/li>\n<li data-sourcepos=\"4:1-4:103\">Le choix du noir mat lui conf\u00e8re une touche de modernit\u00e9 et d&rsquo;\u00e9l\u00e9gance discr\u00e8te<\/li>\n<\/ul>\n","protected":false},"excerpt":{"rendered":"<p>une brosse de toilette a une forme cylindrique simple pour le support et le manche de la brosse. L&rsquo;ensemble, y<\/p>\n","protected":false},"featured_media":17977,"comment_status":"open","ping_status":"closed","template":"","meta":{"_themeisle_gutenberg_block_has_review":false,"_joinchat":[]},"product_cat":[566,572],"product_tag":[],"_links":{"self":[{"href":"https:\/\/marouti.ma\/index.php\/wp-json\/wp\/v2\/product\/17975"}],"collection":[{"href":"https:\/\/marouti.ma\/index.php\/wp-json\/wp\/v2\/product"}],"about":[{"href":"https:\/\/marouti.ma\/index.php\/wp-json\/wp\/v2\/types\/product"}],"replies":[{"embeddable":true,"href":"https:\/\/marouti.ma\/index.php\/wp-json\/wp\/v2\/comments?post=17975"}],"version-history":[{"count":1,"href":"https:\/\/marouti.ma\/index.php\/wp-json\/wp\/v2\/product\/17975\/revisions"}],"predecessor-version":[{"id":17976,"href":"https:\/\/marouti.ma\/index.php\/wp-json\/wp\/v2\/product\/17975\/revisions\/17976"}],"wp:featuredmedia":[{"embeddable":true,"href":"https:\/\/marouti.ma\/index.php\/wp-json\/wp\/v2\/media\/17977"}],"wp:attachment":[{"href":"https:\/\/marouti.ma\/index.php\/wp-json\/wp\/v2\/media?parent=17975"}],"wp:term":[{"taxonomy":"product_cat","embeddable":true,"href":"https:\/\/marouti.ma\/index.php\/wp-json\/wp\/v2\/product_cat?post=17975"},{"taxonomy":"product_tag","embeddable":true,"href":"https:\/\/marouti.ma\/index.php\/wp-json\/wp\/v2\/product_tag?post=17975"}],"curies":[{"name":"wp","href":"https:\/\/api.w.org\/{rel}","templated":true}]}}