{"id":17961,"date":"2025-04-11T14:51:31","date_gmt":"2025-04-11T14:51:31","guid":{"rendered":"https:\/\/marouti.ma\/?post_type=product&#038;p=17961"},"modified":"2025-04-12T11:07:23","modified_gmt":"2025-04-12T11:07:23","slug":"porte-balaiporte-papier-noir-2","status":"publish","type":"product","link":"https:\/\/marouti.ma\/index.php\/product\/porte-balaiporte-papier-noir-2\/","title":{"rendered":"porte balai+porte papier noir"},"content":{"rendered":"<ul>\n<li>Il int\u00e8gre un porte-papier toilette avec un d\u00e9rouleur horizontal, un porte-brosse de toilette avec un r\u00e9cipient noir, et un espace pour ranger un rouleau de papier toilette de rechange verticalement.<\/li>\n<li>Il semble \u00e9galement avoir une petite \u00e9tag\u00e8re sur le dessus, faite en bambou clair avec un rev\u00eatement noir.<\/li>\n<li>Il pr\u00e9sente un design moderne et fonctionnel, con\u00e7u pour optimiser l&rsquo;espace dans une salle de bain<\/li>\n<\/ul>\n","protected":false},"excerpt":{"rendered":"<p>Il int\u00e8gre un porte-papier toilette avec un d\u00e9rouleur horizontal, un porte-brosse de toilette avec un r\u00e9cipient noir, et un espace<\/p>\n","protected":false},"featured_media":17962,"comment_status":"open","ping_status":"closed","template":"","meta":{"_themeisle_gutenberg_block_has_review":false,"_joinchat":[]},"product_cat":[566,592],"product_tag":[],"_links":{"self":[{"href":"https:\/\/marouti.ma\/index.php\/wp-json\/wp\/v2\/product\/17961"}],"collection":[{"href":"https:\/\/marouti.ma\/index.php\/wp-json\/wp\/v2\/product"}],"about":[{"href":"https:\/\/marouti.ma\/index.php\/wp-json\/wp\/v2\/types\/product"}],"replies":[{"embeddable":true,"href":"https:\/\/marouti.ma\/index.php\/wp-json\/wp\/v2\/comments?post=17961"}],"version-history":[{"count":1,"href":"https:\/\/marouti.ma\/index.php\/wp-json\/wp\/v2\/product\/17961\/revisions"}],"predecessor-version":[{"id":17963,"href":"https:\/\/marouti.ma\/index.php\/wp-json\/wp\/v2\/product\/17961\/revisions\/17963"}],"wp:featuredmedia":[{"embeddable":true,"href":"https:\/\/marouti.ma\/index.php\/wp-json\/wp\/v2\/media\/17962"}],"wp:attachment":[{"href":"https:\/\/marouti.ma\/index.php\/wp-json\/wp\/v2\/media?parent=17961"}],"wp:term":[{"taxonomy":"product_cat","embeddable":true,"href":"https:\/\/marouti.ma\/index.php\/wp-json\/wp\/v2\/product_cat?post=17961"},{"taxonomy":"product_tag","embeddable":true,"href":"https:\/\/marouti.ma\/index.php\/wp-json\/wp\/v2\/product_tag?post=17961"}],"curies":[{"name":"wp","href":"https:\/\/api.w.org\/{rel}","templated":true}]}}