{"id":17954,"date":"2025-04-11T11:51:05","date_gmt":"2025-04-11T11:51:05","guid":{"rendered":"https:\/\/marouti.ma\/?post_type=product&#038;p=17954"},"modified":"2025-04-11T11:51:05","modified_gmt":"2025-04-11T11:51:05","slug":"brosse-wc-inox-decor","status":"publish","type":"product","link":"https:\/\/marouti.ma\/index.php\/product\/brosse-wc-inox-decor\/","title":{"rendered":"Brosse WC inox d\u00e9cor"},"content":{"rendered":"<ul>\n<li>un porte-brosse de toilette contemporain en acier inoxydable.<\/li>\n<li>Le porte-brosse est cylindrique avec des d\u00e9coupes carr\u00e9es sur la partie sup\u00e9rieure pour la ventilation.<\/li>\n<li>Il a un couvercle plat sur le dessus avec une poign\u00e9e de brosse de toilette en acier inoxydable qui d\u00e9passe. La poign\u00e9e se termine par une boule<\/li>\n<\/ul>\n","protected":false},"excerpt":{"rendered":"<p>un porte-brosse de toilette contemporain en acier inoxydable. Le porte-brosse est cylindrique avec des d\u00e9coupes carr\u00e9es sur la partie sup\u00e9rieure<\/p>\n","protected":false},"featured_media":17955,"comment_status":"open","ping_status":"closed","template":"","meta":{"_themeisle_gutenberg_block_has_review":false,"_joinchat":[]},"product_cat":[566,572],"product_tag":[],"_links":{"self":[{"href":"https:\/\/marouti.ma\/index.php\/wp-json\/wp\/v2\/product\/17954"}],"collection":[{"href":"https:\/\/marouti.ma\/index.php\/wp-json\/wp\/v2\/product"}],"about":[{"href":"https:\/\/marouti.ma\/index.php\/wp-json\/wp\/v2\/types\/product"}],"replies":[{"embeddable":true,"href":"https:\/\/marouti.ma\/index.php\/wp-json\/wp\/v2\/comments?post=17954"}],"version-history":[{"count":1,"href":"https:\/\/marouti.ma\/index.php\/wp-json\/wp\/v2\/product\/17954\/revisions"}],"predecessor-version":[{"id":17957,"href":"https:\/\/marouti.ma\/index.php\/wp-json\/wp\/v2\/product\/17954\/revisions\/17957"}],"wp:featuredmedia":[{"embeddable":true,"href":"https:\/\/marouti.ma\/index.php\/wp-json\/wp\/v2\/media\/17955"}],"wp:attachment":[{"href":"https:\/\/marouti.ma\/index.php\/wp-json\/wp\/v2\/media?parent=17954"}],"wp:term":[{"taxonomy":"product_cat","embeddable":true,"href":"https:\/\/marouti.ma\/index.php\/wp-json\/wp\/v2\/product_cat?post=17954"},{"taxonomy":"product_tag","embeddable":true,"href":"https:\/\/marouti.ma\/index.php\/wp-json\/wp\/v2\/product_tag?post=17954"}],"curies":[{"name":"wp","href":"https:\/\/api.w.org\/{rel}","templated":true}]}}