{"id":17948,"date":"2025-04-11T11:38:26","date_gmt":"2025-04-11T11:38:26","guid":{"rendered":"https:\/\/marouti.ma\/?post_type=product&#038;p=17948"},"modified":"2025-04-11T11:42:07","modified_gmt":"2025-04-11T11:42:07","slug":"porte-balai-inox","status":"publish","type":"product","link":"https:\/\/marouti.ma\/index.php\/product\/porte-balai-inox\/","title":{"rendered":"Brosse WC inox"},"content":{"rendered":"<ul>\n<li>une brosse de toilette de la gamme Aqualine Simple Line, caract\u00e9ris\u00e9e par son design \u00e9pur\u00e9 et fonctionnel<\/li>\n<li>L&rsquo;ensemble pr\u00e9sente un style moderne et minimaliste gr\u00e2ce \u00e0 la combinaison du m\u00e9tal argent\u00e9 brillant et du blanc.<\/li>\n<li>Son design simple lui permet de s&rsquo;int\u00e9grer facilement dans diff\u00e9rents styles de salles de bains ou de toilettes.<\/li>\n<li>L&rsquo;ensemble est con\u00e7u pour \u00eatre \u00e0 la fois esth\u00e9tique et fonctionnel, facilitant le nettoyage des toilettes tout en ajoutant une touche d&rsquo;\u00e9l\u00e9gance \u00e0 l&rsquo;espace.<\/li>\n<\/ul>\n","protected":false},"excerpt":{"rendered":"<p>une brosse de toilette de la gamme Aqualine Simple Line, caract\u00e9ris\u00e9e par son design \u00e9pur\u00e9 et fonctionnel L&rsquo;ensemble pr\u00e9sente un<\/p>\n","protected":false},"featured_media":17950,"comment_status":"open","ping_status":"closed","template":"","meta":{"_themeisle_gutenberg_block_has_review":false,"_joinchat":[]},"product_cat":[566,572],"product_tag":[],"_links":{"self":[{"href":"https:\/\/marouti.ma\/index.php\/wp-json\/wp\/v2\/product\/17948"}],"collection":[{"href":"https:\/\/marouti.ma\/index.php\/wp-json\/wp\/v2\/product"}],"about":[{"href":"https:\/\/marouti.ma\/index.php\/wp-json\/wp\/v2\/types\/product"}],"replies":[{"embeddable":true,"href":"https:\/\/marouti.ma\/index.php\/wp-json\/wp\/v2\/comments?post=17948"}],"version-history":[{"count":2,"href":"https:\/\/marouti.ma\/index.php\/wp-json\/wp\/v2\/product\/17948\/revisions"}],"predecessor-version":[{"id":17953,"href":"https:\/\/marouti.ma\/index.php\/wp-json\/wp\/v2\/product\/17948\/revisions\/17953"}],"wp:featuredmedia":[{"embeddable":true,"href":"https:\/\/marouti.ma\/index.php\/wp-json\/wp\/v2\/media\/17950"}],"wp:attachment":[{"href":"https:\/\/marouti.ma\/index.php\/wp-json\/wp\/v2\/media?parent=17948"}],"wp:term":[{"taxonomy":"product_cat","embeddable":true,"href":"https:\/\/marouti.ma\/index.php\/wp-json\/wp\/v2\/product_cat?post=17948"},{"taxonomy":"product_tag","embeddable":true,"href":"https:\/\/marouti.ma\/index.php\/wp-json\/wp\/v2\/product_tag?post=17948"}],"curies":[{"name":"wp","href":"https:\/\/api.w.org\/{rel}","templated":true}]}}