{"id":17899,"date":"2024-12-28T09:30:49","date_gmt":"2024-12-28T09:30:49","guid":{"rendered":"https:\/\/marouti.ma\/?post_type=product&#038;p=17899"},"modified":"2024-12-28T09:30:49","modified_gmt":"2024-12-28T09:30:49","slug":"porte-serviette-inox-60-cm","status":"publish","type":"product","link":"https:\/\/marouti.ma\/index.php\/product\/porte-serviette-inox-60-cm\/","title":{"rendered":"porte serviette inox 60 cm"},"content":{"rendered":"<ul>\n<li>un porte-serviettes mural en acier inoxydable.<\/li>\n<li data-sourcepos=\"7:1-7:126\"><strong>Soutenir les serviettes:<\/strong> Les barres horizontales permettent d&rsquo;accrocher les serviettes pour qu&rsquo;elles s\u00e8chent rapidement.<\/li>\n<li data-sourcepos=\"8:1-8:148\"><strong>Organiser l&rsquo;espace:<\/strong> La tablette sup\u00e9rieure offre un espace suppl\u00e9mentaire pour poser des produits de toilette, des parfums ou d&rsquo;autres objets.<\/li>\n<li data-sourcepos=\"9:1-10:0\"><strong>Apporter une touche moderne:<\/strong> Le design \u00e9pur\u00e9 et le mat\u00e9riau en acier inoxydable donnent un aspect contemporain \u00e0 la salle de bain.<\/li>\n<li data-sourcepos=\"13:1-13:84\"><strong>Mat\u00e9riau:<\/strong> Acier inoxydable 304, r\u00e9sistant \u00e0 la corrosion et facile \u00e0 nettoyer.<\/li>\n<li data-sourcepos=\"14:1-14:82\"><strong>Installation:<\/strong> Fixation murale, g\u00e9n\u00e9ralement \u00e0 l&rsquo;aide de chevilles et de vis.<\/li>\n<li data-sourcepos=\"15:1-15:87\"><strong>Design:<\/strong> Lignes simples et \u00e9pur\u00e9es, s&rsquo;int\u00e9grant \u00e0 diff\u00e9rents styles de d\u00e9coration.<\/li>\n<li data-sourcepos=\"16:1-17:0\"><strong>Fonctionnalit\u00e9:<\/strong> Combine les fonctions de porte-serviettes et d&rsquo;\u00e9tag\u00e8re.<\/li>\n<\/ul>\n","protected":false},"excerpt":{"rendered":"<p>un porte-serviettes mural en acier inoxydable. Soutenir les serviettes: Les barres horizontales permettent d&rsquo;accrocher les serviettes pour qu&rsquo;elles s\u00e8chent rapidement.<\/p>\n","protected":false},"featured_media":17904,"comment_status":"open","ping_status":"closed","template":"","meta":{"_themeisle_gutenberg_block_has_review":false,"_joinchat":[]},"product_cat":[566,569],"product_tag":[],"_links":{"self":[{"href":"https:\/\/marouti.ma\/index.php\/wp-json\/wp\/v2\/product\/17899"}],"collection":[{"href":"https:\/\/marouti.ma\/index.php\/wp-json\/wp\/v2\/product"}],"about":[{"href":"https:\/\/marouti.ma\/index.php\/wp-json\/wp\/v2\/types\/product"}],"replies":[{"embeddable":true,"href":"https:\/\/marouti.ma\/index.php\/wp-json\/wp\/v2\/comments?post=17899"}],"version-history":[{"count":1,"href":"https:\/\/marouti.ma\/index.php\/wp-json\/wp\/v2\/product\/17899\/revisions"}],"predecessor-version":[{"id":17905,"href":"https:\/\/marouti.ma\/index.php\/wp-json\/wp\/v2\/product\/17899\/revisions\/17905"}],"wp:featuredmedia":[{"embeddable":true,"href":"https:\/\/marouti.ma\/index.php\/wp-json\/wp\/v2\/media\/17904"}],"wp:attachment":[{"href":"https:\/\/marouti.ma\/index.php\/wp-json\/wp\/v2\/media?parent=17899"}],"wp:term":[{"taxonomy":"product_cat","embeddable":true,"href":"https:\/\/marouti.ma\/index.php\/wp-json\/wp\/v2\/product_cat?post=17899"},{"taxonomy":"product_tag","embeddable":true,"href":"https:\/\/marouti.ma\/index.php\/wp-json\/wp\/v2\/product_tag?post=17899"}],"curies":[{"name":"wp","href":"https:\/\/api.w.org\/{rel}","templated":true}]}}