{"id":17889,"date":"2024-12-27T14:41:00","date_gmt":"2024-12-27T14:41:00","guid":{"rendered":"https:\/\/marouti.ma\/?post_type=product&#038;p=17889"},"modified":"2024-12-27T14:41:00","modified_gmt":"2024-12-27T14:41:00","slug":"bonde-poussoir-pour-lavabo-chrome","status":"publish","type":"product","link":"https:\/\/marouti.ma\/index.php\/product\/bonde-poussoir-pour-lavabo-chrome\/","title":{"rendered":"BONDE POUSSOIR  POUR LAVABO  CHROME"},"content":{"rendered":"<p><strong>un bonde de lavabo.<\/strong> C&rsquo;est un \u00e9l\u00e9ment essentiel de la plomberie d&rsquo;un lavabo, servant \u00e0 obstruer ou lib\u00e9rer l&rsquo;\u00e9vacuation de l&rsquo;eau.<\/p>\n<ul>\n<li data-sourcepos=\"7:1-7:280\"><strong>Finition:<\/strong> Le corps principal du bonde est g\u00e9n\u00e9ralement en m\u00e9tal chrom\u00e9, offrant un aspect brillant et r\u00e9sistant \u00e0 la corrosion. La partie sup\u00e9rieure, qui sert \u00e0 ouvrir et fermer l&rsquo;\u00e9vacuation, est souvent en c\u00e9ramique blanche, ce qui lui donne un aspect plus doux et \u00e9l\u00e9gant.<\/li>\n<li data-sourcepos=\"8:1-8:155\"><strong>Fonctionnement:<\/strong> Le m\u00e9canisme est simple : en appuyant sur la partie sup\u00e9rieure, on ouvre ou ferme un clapet qui bloque ou lib\u00e8re le passage de l&rsquo;eau.<\/li>\n<li data-sourcepos=\"9:1-10:0\"><strong>Installation:<\/strong> Le bonde se visse sur le trou d&rsquo;\u00e9vacuation du lavabo et se raccorde au siphon. Un joint d&rsquo;\u00e9tanch\u00e9it\u00e9 est g\u00e9n\u00e9ralement inclus pour pr\u00e9venir les fuit<\/li>\n<\/ul>\n","protected":false},"excerpt":{"rendered":"<p>un bonde de lavabo. C&rsquo;est un \u00e9l\u00e9ment essentiel de la plomberie d&rsquo;un lavabo, servant \u00e0 obstruer ou lib\u00e9rer l&rsquo;\u00e9vacuation de<\/p>\n","protected":false},"featured_media":17891,"comment_status":"open","ping_status":"closed","template":"","meta":{"_themeisle_gutenberg_block_has_review":false,"_joinchat":[]},"product_cat":[568],"product_tag":[],"_links":{"self":[{"href":"https:\/\/marouti.ma\/index.php\/wp-json\/wp\/v2\/product\/17889"}],"collection":[{"href":"https:\/\/marouti.ma\/index.php\/wp-json\/wp\/v2\/product"}],"about":[{"href":"https:\/\/marouti.ma\/index.php\/wp-json\/wp\/v2\/types\/product"}],"replies":[{"embeddable":true,"href":"https:\/\/marouti.ma\/index.php\/wp-json\/wp\/v2\/comments?post=17889"}],"version-history":[{"count":1,"href":"https:\/\/marouti.ma\/index.php\/wp-json\/wp\/v2\/product\/17889\/revisions"}],"predecessor-version":[{"id":17892,"href":"https:\/\/marouti.ma\/index.php\/wp-json\/wp\/v2\/product\/17889\/revisions\/17892"}],"wp:featuredmedia":[{"embeddable":true,"href":"https:\/\/marouti.ma\/index.php\/wp-json\/wp\/v2\/media\/17891"}],"wp:attachment":[{"href":"https:\/\/marouti.ma\/index.php\/wp-json\/wp\/v2\/media?parent=17889"}],"wp:term":[{"taxonomy":"product_cat","embeddable":true,"href":"https:\/\/marouti.ma\/index.php\/wp-json\/wp\/v2\/product_cat?post=17889"},{"taxonomy":"product_tag","embeddable":true,"href":"https:\/\/marouti.ma\/index.php\/wp-json\/wp\/v2\/product_tag?post=17889"}],"curies":[{"name":"wp","href":"https:\/\/api.w.org\/{rel}","templated":true}]}}