{"id":17883,"date":"2024-12-27T14:22:42","date_gmt":"2024-12-27T14:22:42","guid":{"rendered":"https:\/\/marouti.ma\/?post_type=product&#038;p=17883"},"modified":"2024-12-27T14:22:42","modified_gmt":"2024-12-27T14:22:42","slug":"bonde-poussoir-pour-lavabo-cuivre-avec-tremplin","status":"publish","type":"product","link":"https:\/\/marouti.ma\/index.php\/product\/bonde-poussoir-pour-lavabo-cuivre-avec-tremplin\/","title":{"rendered":"BONDE POUSSOIR POUR LAVABO CUIVRE  AVEC TREMPLIN"},"content":{"rendered":"<p>un <strong>bonde de lavabo<\/strong>. Il s&rsquo;agit d&rsquo;un \u00e9l\u00e9ment de plomberie utilis\u00e9 pour obstruer ou lib\u00e9rer l&rsquo;\u00e9vacuation d&rsquo;un lavabo. Ce mod\u00e8le sp\u00e9cifique semble \u00eatre en <strong>cuivre<\/strong> ou en un alliage au fini <strong>cuivre bross\u00e9<\/strong>, ce qui lui conf\u00e8re un aspect moderne et \u00e9l\u00e9gant.<\/p>\n<ul>\n<li data-sourcepos=\"7:1-7:153\"><strong>Forme:<\/strong> Le bonde est g\u00e9n\u00e9ralement de forme cylindrique avec une partie sup\u00e9rieure plus large et arrondie pour faciliter l&rsquo;ouverture et la fermeture.<\/li>\n<li data-sourcepos=\"8:1-8:151\"><strong>Mat\u00e9riau:<\/strong> Le cuivre est un mat\u00e9riau souvent utilis\u00e9 pour les \u00e9l\u00e9ments de plomberie en raison de sa durabilit\u00e9 et de sa r\u00e9sistance \u00e0 la corrosion.<\/li>\n<li data-sourcepos=\"9:1-9:130\"><strong>Finition:<\/strong> Le fini cuivre bross\u00e9 donne un aspect m\u00e9tallique et lisse au bonde, tout en ajoutant une touche de sophistication.<\/li>\n<li data-sourcepos=\"10:1-11:0\"><strong>M\u00e9canisme:<\/strong> Le bonde est \u00e9quip\u00e9 d&rsquo;un m\u00e9canisme interne qui permet d&rsquo;ouvrir et de fermer l&rsquo;\u00e9vacuation en tournant la partie sup\u00e9rieure.<\/li>\n<\/ul>\n","protected":false},"excerpt":{"rendered":"<p>un bonde de lavabo. Il s&rsquo;agit d&rsquo;un \u00e9l\u00e9ment de plomberie utilis\u00e9 pour obstruer ou lib\u00e9rer l&rsquo;\u00e9vacuation d&rsquo;un lavabo. Ce mod\u00e8le<\/p>\n","protected":false},"featured_media":17885,"comment_status":"open","ping_status":"closed","template":"","meta":{"_themeisle_gutenberg_block_has_review":false,"_joinchat":[]},"product_cat":[568],"product_tag":[],"_links":{"self":[{"href":"https:\/\/marouti.ma\/index.php\/wp-json\/wp\/v2\/product\/17883"}],"collection":[{"href":"https:\/\/marouti.ma\/index.php\/wp-json\/wp\/v2\/product"}],"about":[{"href":"https:\/\/marouti.ma\/index.php\/wp-json\/wp\/v2\/types\/product"}],"replies":[{"embeddable":true,"href":"https:\/\/marouti.ma\/index.php\/wp-json\/wp\/v2\/comments?post=17883"}],"version-history":[{"count":1,"href":"https:\/\/marouti.ma\/index.php\/wp-json\/wp\/v2\/product\/17883\/revisions"}],"predecessor-version":[{"id":17888,"href":"https:\/\/marouti.ma\/index.php\/wp-json\/wp\/v2\/product\/17883\/revisions\/17888"}],"wp:featuredmedia":[{"embeddable":true,"href":"https:\/\/marouti.ma\/index.php\/wp-json\/wp\/v2\/media\/17885"}],"wp:attachment":[{"href":"https:\/\/marouti.ma\/index.php\/wp-json\/wp\/v2\/media?parent=17883"}],"wp:term":[{"taxonomy":"product_cat","embeddable":true,"href":"https:\/\/marouti.ma\/index.php\/wp-json\/wp\/v2\/product_cat?post=17883"},{"taxonomy":"product_tag","embeddable":true,"href":"https:\/\/marouti.ma\/index.php\/wp-json\/wp\/v2\/product_tag?post=17883"}],"curies":[{"name":"wp","href":"https:\/\/api.w.org\/{rel}","templated":true}]}}