{"id":17820,"date":"2024-12-25T11:47:11","date_gmt":"2024-12-25T11:47:11","guid":{"rendered":"https:\/\/marouti.ma\/?post_type=product&#038;p=17820"},"modified":"2024-12-26T09:10:17","modified_gmt":"2024-12-26T09:10:17","slug":"siphon-de-douche-500mm","status":"publish","type":"product","link":"https:\/\/marouti.ma\/index.php\/product\/siphon-de-douche-500mm\/","title":{"rendered":"siphon de douche 500mm"},"content":{"rendered":"<ul>\n<li data-sourcepos=\"7:1-7:255\"><strong>Grille de protection :<\/strong> La pr\u00e9sence d&rsquo;une grille fine \u00e0 l&rsquo;int\u00e9rieur des fentes permet d&#8217;emp\u00eacher le passage de petits objets tout en assurant une bonne \u00e9vacuation de l&rsquo;eau. Cela contribue \u00e0 maintenir la propret\u00e9 du drain et \u00e0 \u00e9viter les obstructions.<\/li>\n<li data-sourcepos=\"8:1-8:236\"><strong>Syst\u00e8me de siphon int\u00e9gr\u00e9 :<\/strong> Bien que non visible sur l&rsquo;image, de nombreux mod\u00e8les de drains lin\u00e9aires sont \u00e9quip\u00e9s d&rsquo;un siphon int\u00e9gr\u00e9. Ce syst\u00e8me emp\u00eache les mauvaises odeurs remontant des canalisations de p\u00e9n\u00e9trer dans la pi\u00e8ce.<\/li>\n<li data-sourcepos=\"9:1-9:180\"><strong>Inclinaison :<\/strong> Le drain est g\u00e9n\u00e9ralement l\u00e9g\u00e8rement inclin\u00e9 vers le siphon pour faciliter l&rsquo;\u00e9coulement de l&rsquo;eau. Cette inclinaison est souvent r\u00e9glable lors de l&rsquo;installation.<\/li>\n<li data-sourcepos=\"10:1-11:0\"><strong>Fixations :<\/strong> Des trous sont pr\u00e9vus sur les c\u00f4t\u00e9s du drain pour permettre sa fixation au sol \u00e0 l&rsquo;aide de vis ou d&rsquo;un adh\u00e9sif sp\u00e9cial.<\/li>\n<\/ul>\n","protected":false},"excerpt":{"rendered":"<p>Grille de protection : La pr\u00e9sence d&rsquo;une grille fine \u00e0 l&rsquo;int\u00e9rieur des fentes permet d&#8217;emp\u00eacher le passage de petits objets<\/p>\n","protected":false},"featured_media":17814,"comment_status":"open","ping_status":"closed","template":"","meta":{"_themeisle_gutenberg_block_has_review":false,"_joinchat":[]},"product_cat":[568],"product_tag":[],"_links":{"self":[{"href":"https:\/\/marouti.ma\/index.php\/wp-json\/wp\/v2\/product\/17820"}],"collection":[{"href":"https:\/\/marouti.ma\/index.php\/wp-json\/wp\/v2\/product"}],"about":[{"href":"https:\/\/marouti.ma\/index.php\/wp-json\/wp\/v2\/types\/product"}],"replies":[{"embeddable":true,"href":"https:\/\/marouti.ma\/index.php\/wp-json\/wp\/v2\/comments?post=17820"}],"version-history":[{"count":1,"href":"https:\/\/marouti.ma\/index.php\/wp-json\/wp\/v2\/product\/17820\/revisions"}],"predecessor-version":[{"id":17822,"href":"https:\/\/marouti.ma\/index.php\/wp-json\/wp\/v2\/product\/17820\/revisions\/17822"}],"wp:featuredmedia":[{"embeddable":true,"href":"https:\/\/marouti.ma\/index.php\/wp-json\/wp\/v2\/media\/17814"}],"wp:attachment":[{"href":"https:\/\/marouti.ma\/index.php\/wp-json\/wp\/v2\/media?parent=17820"}],"wp:term":[{"taxonomy":"product_cat","embeddable":true,"href":"https:\/\/marouti.ma\/index.php\/wp-json\/wp\/v2\/product_cat?post=17820"},{"taxonomy":"product_tag","embeddable":true,"href":"https:\/\/marouti.ma\/index.php\/wp-json\/wp\/v2\/product_tag?post=17820"}],"curies":[{"name":"wp","href":"https:\/\/api.w.org\/{rel}","templated":true}]}}