{"id":17646,"date":"2024-12-18T15:43:36","date_gmt":"2024-12-18T15:43:36","guid":{"rendered":"https:\/\/marouti.ma\/?post_type=product&#038;p=17646"},"modified":"2024-12-18T15:43:36","modified_gmt":"2024-12-18T15:43:36","slug":"evier-cuisine-en-acier-inoxydable-304-avec-robinet-retractable-comprend-un-kit-de-plomberie-complet-75-45cm","status":"publish","type":"product","link":"https:\/\/marouti.ma\/index.php\/product\/evier-cuisine-en-acier-inoxydable-304-avec-robinet-retractable-comprend-un-kit-de-plomberie-complet-75-45cm\/","title":{"rendered":"\u00c9vier Cuisine en Acier Inoxydable 304 avec robinet r\u00e9tractable comprend un kit de plomberie complet 75 * 45CM"},"content":{"rendered":"<ul class=\"a-unordered-list a-vertical a-spacing-mini\">\n<li class=\"a-spacing-mini\"><span class=\"a-list-item\">L&rsquo;\u00e9vier, robinet extractible, robinet d&rsquo;eau propre, bassin dans le bassin, panier de vidange, rondelle de tasse, ensemble de vidange, vanne d&rsquo;angle chaude et froide, conduites d&rsquo;eau chaude et froide. Notre ensemble d&rsquo;\u00e9vier peut vous \u00e9viter beaucoup de probl\u00e8mes, en une seule \u00e9tape.<\/span><\/li>\n<li class=\"a-spacing-mini\"><span class=\"a-list-item\">\u00a0Notre \u00e9vier de cuisine est en acier inoxydable, antirouille et facile \u00e0 nettoyer. La profondeur de l&rsquo;\u00e9vier est de 200 mm, ce qui convient particuli\u00e8rement aux familles unipersonnelles ou multifamiliales. Plusieurs casseroles et po\u00eales peuvent \u00eatre plac\u00e9es, r\u00e9pondent aux besoins de plusieurs familles et am\u00e9liorent votre vie. C&rsquo;est votre meilleur choix.<\/span><\/li>\n<li class=\"a-spacing-mini\"><span class=\"a-list-item\">\u00a0L&rsquo;installation sous le comptoir est facile \u00e0 nettoyer et l&rsquo;installation sur le comptoir est belle et \u00e9l\u00e9gante, ce qui r\u00e9pond \u00e0 toute votre imagination de la cuisine. Il convient \u00e0 divers endroits tels que les bars, les balcons, les tables \u00e0 manger et les cuisines.<\/span><\/li>\n<li class=\"a-spacing-mini\"><span class=\"a-list-item\">Tout nouveau robinet coulissant, nettoyage complet \u00e0 360\u00b0, longueur d&rsquo;\u00e9tirement de 30 \u00e0 50 cm, y compris 3 modes d&rsquo;\u00e9vacuation d&rsquo;eau, plus le mode cascade, grande zone de nettoyage, doux et sans \u00e9claboussures, facile pour g\u00e9rer une vari\u00e9t\u00e9 de sc\u00e8nes de lavage, am\u00e9liorant consid\u00e9rablement l&rsquo;efficacit\u00e9 de votre travail.<\/span><\/li>\n<li class=\"a-spacing-mini\"><span class=\"a-list-item\">\u00a0les lignes de drainage diagonales peuvent rapidement drainer l&rsquo;eau et emp\u00eacher l&rsquo;eau de s&rsquo;accumuler dans l&rsquo;\u00e9vier ; les coussinets insonorisants \u00e9paissis et les coussinets de protection absorbent le bruit et les vibrations lorsque l&rsquo;\u00e9vier est utilis\u00e9 ; les trous de trop-plein emp\u00eachent l&rsquo;eau de d\u00e9border sur le comptoir, avec Aide \u00e0 garder les comptoirs secs et bien rang\u00e9s.<\/span><\/li>\n<\/ul>\n","protected":false},"excerpt":{"rendered":"<p>L&rsquo;\u00e9vier, robinet extractible, robinet d&rsquo;eau propre, bassin dans le bassin, panier de vidange, rondelle de tasse, ensemble de vidange, vanne<\/p>\n","protected":false},"featured_media":17649,"comment_status":"open","ping_status":"closed","template":"","meta":{"_themeisle_gutenberg_block_has_review":false,"_joinchat":[]},"product_cat":[565],"product_tag":[],"_links":{"self":[{"href":"https:\/\/marouti.ma\/index.php\/wp-json\/wp\/v2\/product\/17646"}],"collection":[{"href":"https:\/\/marouti.ma\/index.php\/wp-json\/wp\/v2\/product"}],"about":[{"href":"https:\/\/marouti.ma\/index.php\/wp-json\/wp\/v2\/types\/product"}],"replies":[{"embeddable":true,"href":"https:\/\/marouti.ma\/index.php\/wp-json\/wp\/v2\/comments?post=17646"}],"version-history":[{"count":1,"href":"https:\/\/marouti.ma\/index.php\/wp-json\/wp\/v2\/product\/17646\/revisions"}],"predecessor-version":[{"id":17650,"href":"https:\/\/marouti.ma\/index.php\/wp-json\/wp\/v2\/product\/17646\/revisions\/17650"}],"wp:featuredmedia":[{"embeddable":true,"href":"https:\/\/marouti.ma\/index.php\/wp-json\/wp\/v2\/media\/17649"}],"wp:attachment":[{"href":"https:\/\/marouti.ma\/index.php\/wp-json\/wp\/v2\/media?parent=17646"}],"wp:term":[{"taxonomy":"product_cat","embeddable":true,"href":"https:\/\/marouti.ma\/index.php\/wp-json\/wp\/v2\/product_cat?post=17646"},{"taxonomy":"product_tag","embeddable":true,"href":"https:\/\/marouti.ma\/index.php\/wp-json\/wp\/v2\/product_tag?post=17646"}],"curies":[{"name":"wp","href":"https:\/\/api.w.org\/{rel}","templated":true}]}}