{"id":17567,"date":"2024-03-28T11:02:49","date_gmt":"2024-03-28T11:02:49","guid":{"rendered":"https:\/\/marouti.ma\/?post_type=product&#038;p=17567"},"modified":"2024-12-19T09:19:48","modified_gmt":"2024-12-19T09:19:48","slug":"vasque-encastrable-gris","status":"publish","type":"product","link":"https:\/\/marouti.ma\/index.php\/product\/vasque-encastrable-gris\/","title":{"rendered":"Vasque encastrable Gris"},"content":{"rendered":"<ul>\n<li>Le lavabo semble \u00eatre en c\u00e9ramique , un mat\u00e9riau classique,\u00a0 \u00a0et r\u00e9sistant pour les salles de bain , sa couleur blanche\u00a0 lui conf\u00e8re un aspect propre et intemporel<\/li>\n<li>Le lavabo est de forme ronde , ce qui lui donne un aspect doux et arrondi<\/li>\n<li>Le lavabo est encastr\u00e9 dans le plan de travail cr\u00e9ant ainsi une surface lisse et continue<\/li>\n<li>Le plan de travail est de couleur gris et semble avoir une finition mate , il pourrait etre en c\u00e9ramique , en pierre reconstitu\u00e9e<\/li>\n<li>Dimensions : 800*480*3200mm<\/li>\n<\/ul>\n","protected":false},"excerpt":{"rendered":"<p>Le lavabo semble \u00eatre en c\u00e9ramique , un mat\u00e9riau classique,\u00a0 \u00a0et r\u00e9sistant pour les salles de bain , sa couleur<\/p>\n","protected":false},"featured_media":17570,"comment_status":"open","ping_status":"closed","template":"","meta":{"_themeisle_gutenberg_block_has_review":false,"_joinchat":[]},"product_cat":[589],"product_tag":[],"_links":{"self":[{"href":"https:\/\/marouti.ma\/index.php\/wp-json\/wp\/v2\/product\/17567"}],"collection":[{"href":"https:\/\/marouti.ma\/index.php\/wp-json\/wp\/v2\/product"}],"about":[{"href":"https:\/\/marouti.ma\/index.php\/wp-json\/wp\/v2\/types\/product"}],"replies":[{"embeddable":true,"href":"https:\/\/marouti.ma\/index.php\/wp-json\/wp\/v2\/comments?post=17567"}],"version-history":[{"count":3,"href":"https:\/\/marouti.ma\/index.php\/wp-json\/wp\/v2\/product\/17567\/revisions"}],"predecessor-version":[{"id":17662,"href":"https:\/\/marouti.ma\/index.php\/wp-json\/wp\/v2\/product\/17567\/revisions\/17662"}],"wp:featuredmedia":[{"embeddable":true,"href":"https:\/\/marouti.ma\/index.php\/wp-json\/wp\/v2\/media\/17570"}],"wp:attachment":[{"href":"https:\/\/marouti.ma\/index.php\/wp-json\/wp\/v2\/media?parent=17567"}],"wp:term":[{"taxonomy":"product_cat","embeddable":true,"href":"https:\/\/marouti.ma\/index.php\/wp-json\/wp\/v2\/product_cat?post=17567"},{"taxonomy":"product_tag","embeddable":true,"href":"https:\/\/marouti.ma\/index.php\/wp-json\/wp\/v2\/product_tag?post=17567"}],"curies":[{"name":"wp","href":"https:\/\/api.w.org\/{rel}","templated":true}]}}