{"id":17416,"date":"2024-03-21T11:14:35","date_gmt":"2024-03-21T11:14:35","guid":{"rendered":"https:\/\/marouti.ma\/?post_type=product&#038;p=17416"},"modified":"2024-12-30T08:47:30","modified_gmt":"2024-12-30T08:47:30","slug":"2-pieces-toilette-cuvette-complette","status":"publish","type":"product","link":"https:\/\/marouti.ma\/index.php\/product\/2-pieces-toilette-cuvette-complette\/","title":{"rendered":"toilette CUVETTE COMPLETTE"},"content":{"rendered":"<ul>\n<li data-sourcepos=\"7:1-7:217\">un WC s&rsquo;agit d&rsquo;un appareil sanitaire en c\u00e9ramique, g\u00e9n\u00e9ralement de couleur blanche, con\u00e7u pour \u00e9vacuer les d\u00e9chets humains. Le WC se compose de deux parties principales :<\/li>\n<li data-sourcepos=\"9:1-9:158\"><strong>La cuvette:<\/strong> C&rsquo;est la partie inf\u00e9rieure o\u00f9 l&rsquo;on s&rsquo;assoit. Elle est g\u00e9n\u00e9ralement en forme de U et dispose d&rsquo;un trou d&rsquo;\u00e9vacuation reli\u00e9 au syst\u00e8me d&rsquo;\u00e9gout.<\/li>\n<li data-sourcepos=\"10:1-11:0\"><strong>La chasse d&rsquo;eau:<\/strong> C&rsquo;est la partie sup\u00e9rieure qui contient le r\u00e9servoir d&rsquo;eau. En actionnant la chasse, l&rsquo;eau est lib\u00e9r\u00e9e dans la cuvette, emportant les d\u00e9chets.<\/li>\n<li style=\"list-style-type: none;\">\n<ul data-sourcepos=\"14:1-17:0\">\n<li data-sourcepos=\"14:1-14:87\"><strong>Un abattant:<\/strong> Un couvercle qui recouvre la cuvette lorsqu&rsquo;elle n&rsquo;est pas utilis\u00e9e.<\/li>\n<li data-sourcepos=\"15:1-15:90\"><strong>Un syst\u00e8me de fixation:<\/strong> Des boulons ou des vis qui permettent de fixer le WC au sol.<\/li>\n<li data-sourcepos=\"16:1-17:0\"><strong>Un syst\u00e8me de chasse d&rsquo;eau:<\/strong> Diff\u00e9rents m\u00e9canismes (\u00e0 flotteur, \u00e0 double chasse, etc.) pour contr\u00f4ler le d\u00e9bit d&rsquo;eau.<\/li>\n<\/ul>\n<\/li>\n<li>Dimensions: 620*345*800mm<\/li>\n<\/ul>\n<p>&nbsp;<\/p>\n","protected":false},"excerpt":{"rendered":"<p>un WC s&rsquo;agit d&rsquo;un appareil sanitaire en c\u00e9ramique, g\u00e9n\u00e9ralement de couleur blanche, con\u00e7u pour \u00e9vacuer les d\u00e9chets humains. Le WC<\/p>\n","protected":false},"featured_media":17420,"comment_status":"open","ping_status":"closed","template":"","meta":{"_themeisle_gutenberg_block_has_review":false,"_joinchat":[]},"product_cat":[561],"product_tag":[],"_links":{"self":[{"href":"https:\/\/marouti.ma\/index.php\/wp-json\/wp\/v2\/product\/17416"}],"collection":[{"href":"https:\/\/marouti.ma\/index.php\/wp-json\/wp\/v2\/product"}],"about":[{"href":"https:\/\/marouti.ma\/index.php\/wp-json\/wp\/v2\/types\/product"}],"replies":[{"embeddable":true,"href":"https:\/\/marouti.ma\/index.php\/wp-json\/wp\/v2\/comments?post=17416"}],"version-history":[{"count":5,"href":"https:\/\/marouti.ma\/index.php\/wp-json\/wp\/v2\/product\/17416\/revisions"}],"predecessor-version":[{"id":17922,"href":"https:\/\/marouti.ma\/index.php\/wp-json\/wp\/v2\/product\/17416\/revisions\/17922"}],"wp:featuredmedia":[{"embeddable":true,"href":"https:\/\/marouti.ma\/index.php\/wp-json\/wp\/v2\/media\/17420"}],"wp:attachment":[{"href":"https:\/\/marouti.ma\/index.php\/wp-json\/wp\/v2\/media?parent=17416"}],"wp:term":[{"taxonomy":"product_cat","embeddable":true,"href":"https:\/\/marouti.ma\/index.php\/wp-json\/wp\/v2\/product_cat?post=17416"},{"taxonomy":"product_tag","embeddable":true,"href":"https:\/\/marouti.ma\/index.php\/wp-json\/wp\/v2\/product_tag?post=17416"}],"curies":[{"name":"wp","href":"https:\/\/api.w.org\/{rel}","templated":true}]}}