{"id":17404,"date":"2024-03-21T10:17:13","date_gmt":"2024-03-21T10:17:13","guid":{"rendered":"https:\/\/marouti.ma\/?post_type=product&#038;p=17404"},"modified":"2024-12-18T16:02:36","modified_gmt":"2024-12-18T16:02:36","slug":"bidet-new-titan-blanc","status":"publish","type":"product","link":"https:\/\/marouti.ma\/index.php\/product\/bidet-new-titan-blanc\/","title":{"rendered":"BIDET BLANC"},"content":{"rendered":"<ul>\n<li>Dimensions: 555*365*410mm<\/li>\n<li>Un bidet c\u00e9ramique blanche avec un d\u00e9sign moderne et \u00e9pur\u00e9<\/li>\n<li>un bidet est de style contemporain avec des courbes douces et une finition lisse<\/li>\n<\/ul>\n","protected":false},"excerpt":{"rendered":"<p>Dimensions: 555*365*410mm Un bidet c\u00e9ramique blanche avec un d\u00e9sign moderne et \u00e9pur\u00e9 un bidet est de style contemporain avec des<\/p>\n","protected":false},"featured_media":17405,"comment_status":"open","ping_status":"closed","template":"","meta":{"_themeisle_gutenberg_block_has_review":false,"_joinchat":[]},"product_cat":[561],"product_tag":[],"_links":{"self":[{"href":"https:\/\/marouti.ma\/index.php\/wp-json\/wp\/v2\/product\/17404"}],"collection":[{"href":"https:\/\/marouti.ma\/index.php\/wp-json\/wp\/v2\/product"}],"about":[{"href":"https:\/\/marouti.ma\/index.php\/wp-json\/wp\/v2\/types\/product"}],"replies":[{"embeddable":true,"href":"https:\/\/marouti.ma\/index.php\/wp-json\/wp\/v2\/comments?post=17404"}],"version-history":[{"count":4,"href":"https:\/\/marouti.ma\/index.php\/wp-json\/wp\/v2\/product\/17404\/revisions"}],"predecessor-version":[{"id":17652,"href":"https:\/\/marouti.ma\/index.php\/wp-json\/wp\/v2\/product\/17404\/revisions\/17652"}],"wp:featuredmedia":[{"embeddable":true,"href":"https:\/\/marouti.ma\/index.php\/wp-json\/wp\/v2\/media\/17405"}],"wp:attachment":[{"href":"https:\/\/marouti.ma\/index.php\/wp-json\/wp\/v2\/media?parent=17404"}],"wp:term":[{"taxonomy":"product_cat","embeddable":true,"href":"https:\/\/marouti.ma\/index.php\/wp-json\/wp\/v2\/product_cat?post=17404"},{"taxonomy":"product_tag","embeddable":true,"href":"https:\/\/marouti.ma\/index.php\/wp-json\/wp\/v2\/product_tag?post=17404"}],"curies":[{"name":"wp","href":"https:\/\/api.w.org\/{rel}","templated":true}]}}