{"id":17399,"date":"2024-03-20T14:03:51","date_gmt":"2024-03-20T14:03:51","guid":{"rendered":"https:\/\/marouti.ma\/?post_type=product&#038;p=17399"},"modified":"2024-12-18T16:31:54","modified_gmt":"2024-12-18T16:31:54","slug":"2-pieces-toilette-blanche-ceramique","status":"publish","type":"product","link":"https:\/\/marouti.ma\/index.php\/product\/2-pieces-toilette-blanche-ceramique\/","title":{"rendered":"Toilette Blanche C\u00e9ramique"},"content":{"rendered":"<ul>\n<li>Une cuvette de toilette blanche \u00e0 deux pi\u00e8ces standard avec une cuvette ronde et un si\u00e8ge allong\u00e9<\/li>\n<li>La toilette est vue d&rsquo;un angle l&rsquo;\u00e9germent sur\u00e9lev\u00e9 avec l&rsquo;avant de la cuvette face au spectateur<\/li>\n<li>Dimensions: 620*365*820MM<\/li>\n<\/ul>\n","protected":false},"excerpt":{"rendered":"<p>Une cuvette de toilette blanche \u00e0 deux pi\u00e8ces standard avec une cuvette ronde et un si\u00e8ge allong\u00e9 La toilette est<\/p>\n","protected":false},"featured_media":17414,"comment_status":"open","ping_status":"closed","template":"","meta":{"_themeisle_gutenberg_block_has_review":false,"_joinchat":[]},"product_cat":[561],"product_tag":[],"_links":{"self":[{"href":"https:\/\/marouti.ma\/index.php\/wp-json\/wp\/v2\/product\/17399"}],"collection":[{"href":"https:\/\/marouti.ma\/index.php\/wp-json\/wp\/v2\/product"}],"about":[{"href":"https:\/\/marouti.ma\/index.php\/wp-json\/wp\/v2\/types\/product"}],"replies":[{"embeddable":true,"href":"https:\/\/marouti.ma\/index.php\/wp-json\/wp\/v2\/comments?post=17399"}],"version-history":[{"count":5,"href":"https:\/\/marouti.ma\/index.php\/wp-json\/wp\/v2\/product\/17399\/revisions"}],"predecessor-version":[{"id":17657,"href":"https:\/\/marouti.ma\/index.php\/wp-json\/wp\/v2\/product\/17399\/revisions\/17657"}],"wp:featuredmedia":[{"embeddable":true,"href":"https:\/\/marouti.ma\/index.php\/wp-json\/wp\/v2\/media\/17414"}],"wp:attachment":[{"href":"https:\/\/marouti.ma\/index.php\/wp-json\/wp\/v2\/media?parent=17399"}],"wp:term":[{"taxonomy":"product_cat","embeddable":true,"href":"https:\/\/marouti.ma\/index.php\/wp-json\/wp\/v2\/product_cat?post=17399"},{"taxonomy":"product_tag","embeddable":true,"href":"https:\/\/marouti.ma\/index.php\/wp-json\/wp\/v2\/product_tag?post=17399"}],"curies":[{"name":"wp","href":"https:\/\/api.w.org\/{rel}","templated":true}]}}