{"id":17024,"date":"2024-03-08T17:10:57","date_gmt":"2024-03-08T17:10:57","guid":{"rendered":"https:\/\/marouti.ma\/?post_type=product&#038;p=17024"},"modified":"2024-12-21T09:13:06","modified_gmt":"2024-12-21T09:13:06","slug":"vasque-ronde-a-poser-mat-noir","status":"publish","type":"product","link":"https:\/\/marouti.ma\/index.php\/product\/vasque-ronde-a-poser-mat-noir\/","title":{"rendered":"Vasque Ronde \u00e0 poser Mat Noir"},"content":{"rendered":"<ul>\n<li>vasque de forme ronde. Il est fabriqu\u00e9 dans un mat\u00e9riau c\u00e9ramique et arbore une finition noire mate, conf\u00e9rant ainsi un aspect \u00e9l\u00e9gant et contemporain.<\/li>\n<li>vasque\u00a0 est pos\u00e9 sur un plan de travail, probablement en marbre ou en quartz, qui contraste avec la couleur sombre du vasque<\/li>\n<li>Un robinet chrom\u00e9 est fix\u00e9 au plan de travail et s&rsquo;\u00e9l\u00e8ve au-dessus du vasque .<\/li>\n<li>L&rsquo;ensemble cr\u00e9e une esth\u00e9tique minimaliste et raffin\u00e9e, souvent appr\u00e9ci\u00e9e dans les salles de bain modernes.<\/li>\n<li>\u00c9vier rond \u00e0 poser, finition noir mat.<\/li>\n<li>Dimensions: 445*445*135<\/li>\n<\/ul>\n","protected":false},"excerpt":{"rendered":"<p>vasque de forme ronde. Il est fabriqu\u00e9 dans un mat\u00e9riau c\u00e9ramique et arbore une finition noire mate, conf\u00e9rant ainsi un<\/p>\n","protected":false},"featured_media":17353,"comment_status":"open","ping_status":"closed","template":"","meta":{"_themeisle_gutenberg_block_has_review":false,"_joinchat":[]},"product_cat":[584],"product_tag":[],"_links":{"self":[{"href":"https:\/\/marouti.ma\/index.php\/wp-json\/wp\/v2\/product\/17024"}],"collection":[{"href":"https:\/\/marouti.ma\/index.php\/wp-json\/wp\/v2\/product"}],"about":[{"href":"https:\/\/marouti.ma\/index.php\/wp-json\/wp\/v2\/types\/product"}],"replies":[{"embeddable":true,"href":"https:\/\/marouti.ma\/index.php\/wp-json\/wp\/v2\/comments?post=17024"}],"version-history":[{"count":4,"href":"https:\/\/marouti.ma\/index.php\/wp-json\/wp\/v2\/product\/17024\/revisions"}],"predecessor-version":[{"id":17742,"href":"https:\/\/marouti.ma\/index.php\/wp-json\/wp\/v2\/product\/17024\/revisions\/17742"}],"wp:featuredmedia":[{"embeddable":true,"href":"https:\/\/marouti.ma\/index.php\/wp-json\/wp\/v2\/media\/17353"}],"wp:attachment":[{"href":"https:\/\/marouti.ma\/index.php\/wp-json\/wp\/v2\/media?parent=17024"}],"wp:term":[{"taxonomy":"product_cat","embeddable":true,"href":"https:\/\/marouti.ma\/index.php\/wp-json\/wp\/v2\/product_cat?post=17024"},{"taxonomy":"product_tag","embeddable":true,"href":"https:\/\/marouti.ma\/index.php\/wp-json\/wp\/v2\/product_tag?post=17024"}],"curies":[{"name":"wp","href":"https:\/\/api.w.org\/{rel}","templated":true}]}}