{"id":17016,"date":"2024-03-08T16:29:23","date_gmt":"2024-03-08T16:29:23","guid":{"rendered":"https:\/\/marouti.ma\/?post_type=product&#038;p=17016"},"modified":"2024-12-21T09:38:39","modified_gmt":"2024-12-21T09:38:39","slug":"vasque-a-poser-blanche-dore","status":"publish","type":"product","link":"https:\/\/marouti.ma\/index.php\/product\/vasque-a-poser-blanche-dore\/","title":{"rendered":"Vasque \u00e0 poser Blanche + dor\u00e9"},"content":{"rendered":"<ul>\n<li>un <strong>vasque \u00e0 poser<\/strong> pour salle de bain, alliant \u00e9l\u00e9gance et originalit\u00e9.<\/li>\n<li data-sourcepos=\"5:1-5:60\"><strong>Forme:<\/strong> Ronde, offrant une allure douce et harmonieuse.<\/li>\n<li data-sourcepos=\"6:1-6:68\"><strong>Mat\u00e9riau:<\/strong> C\u00e9ramique, un mat\u00e9riau durable et facile \u00e0 nettoyer.<\/li>\n<li data-sourcepos=\"7:1-7:137\"><strong>Finition:<\/strong> Combinant un int\u00e9rieur blanc et un ext\u00e9rieur dor\u00e9 stri\u00e9, cr\u00e9ant un contraste visuel saisissant et un effet de profondeur.<\/li>\n<li data-sourcepos=\"8:1-8:85\"><strong>Installation:<\/strong> \u00c0 poser sur un plan de travail, ce qui facilite son installation.<\/li>\n<li data-sourcepos=\"9:1-10:0\"><strong>Style:<\/strong> Contemporain et sophisti<\/li>\n<li>Vasque \u00e0 poser Blanche + dor\u00e9<\/li>\n<li>Dimensions: 445*445*135<\/li>\n<\/ul>\n","protected":false},"excerpt":{"rendered":"<p>un vasque \u00e0 poser pour salle de bain, alliant \u00e9l\u00e9gance et originalit\u00e9. Forme: Ronde, offrant une allure douce et harmonieuse.<\/p>\n","protected":false},"featured_media":17366,"comment_status":"open","ping_status":"closed","template":"","meta":{"_themeisle_gutenberg_block_has_review":false,"_joinchat":[]},"product_cat":[584],"product_tag":[],"_links":{"self":[{"href":"https:\/\/marouti.ma\/index.php\/wp-json\/wp\/v2\/product\/17016"}],"collection":[{"href":"https:\/\/marouti.ma\/index.php\/wp-json\/wp\/v2\/product"}],"about":[{"href":"https:\/\/marouti.ma\/index.php\/wp-json\/wp\/v2\/types\/product"}],"replies":[{"embeddable":true,"href":"https:\/\/marouti.ma\/index.php\/wp-json\/wp\/v2\/comments?post=17016"}],"version-history":[{"count":4,"href":"https:\/\/marouti.ma\/index.php\/wp-json\/wp\/v2\/product\/17016\/revisions"}],"predecessor-version":[{"id":17747,"href":"https:\/\/marouti.ma\/index.php\/wp-json\/wp\/v2\/product\/17016\/revisions\/17747"}],"wp:featuredmedia":[{"embeddable":true,"href":"https:\/\/marouti.ma\/index.php\/wp-json\/wp\/v2\/media\/17366"}],"wp:attachment":[{"href":"https:\/\/marouti.ma\/index.php\/wp-json\/wp\/v2\/media?parent=17016"}],"wp:term":[{"taxonomy":"product_cat","embeddable":true,"href":"https:\/\/marouti.ma\/index.php\/wp-json\/wp\/v2\/product_cat?post=17016"},{"taxonomy":"product_tag","embeddable":true,"href":"https:\/\/marouti.ma\/index.php\/wp-json\/wp\/v2\/product_tag?post=17016"}],"curies":[{"name":"wp","href":"https:\/\/api.w.org\/{rel}","templated":true}]}}