{"id":17003,"date":"2024-03-08T15:18:08","date_gmt":"2024-03-08T15:18:08","guid":{"rendered":"https:\/\/marouti.ma\/?post_type=product&#038;p=17003"},"modified":"2024-12-21T10:15:51","modified_gmt":"2024-12-21T10:15:51","slug":"vasque-a-poser-gris-clair","status":"publish","type":"product","link":"https:\/\/marouti.ma\/index.php\/product\/vasque-a-poser-gris-clair\/","title":{"rendered":"Vasque \u00e0 poser Gris Clair"},"content":{"rendered":"<ul>\n<li>vasque \u00e0 poser de forme carr\u00e9e.<\/li>\n<li>Il est fabriqu\u00e9 en c\u00e9ramique et arbore une finition mate de couleur gris fonc\u00e9, conf\u00e9rant ainsi un aspect contemporain et \u00e9l\u00e9gant.<\/li>\n<li>vasque est pos\u00e9 sur un plan de travail en bois clair, cr\u00e9ant un contraste int\u00e9ressant entre les mat\u00e9riaux et les couleurs.<\/li>\n<li>Un robinet chrom\u00e9 est fix\u00e9 au plan de travail et s&rsquo;\u00e9l\u00e8ve au-dessus du vasque<\/li>\n<li>L&rsquo;ensemble cr\u00e9e une esth\u00e9tique minimaliste et raffin\u00e9e, souvent appr\u00e9ci\u00e9e dans les salles de bain modernes.<\/li>\n<li>\u00c9vier de couleur gris clair \u00e0 poser.<\/li>\n<li>Dimensions : 450*400*145mm<\/li>\n<\/ul>\n","protected":false},"excerpt":{"rendered":"<p>vasque \u00e0 poser de forme carr\u00e9e. Il est fabriqu\u00e9 en c\u00e9ramique et arbore une finition mate de couleur gris fonc\u00e9,<\/p>\n","protected":false},"featured_media":17359,"comment_status":"open","ping_status":"closed","template":"","meta":{"_themeisle_gutenberg_block_has_review":false,"_joinchat":[]},"product_cat":[584],"product_tag":[],"_links":{"self":[{"href":"https:\/\/marouti.ma\/index.php\/wp-json\/wp\/v2\/product\/17003"}],"collection":[{"href":"https:\/\/marouti.ma\/index.php\/wp-json\/wp\/v2\/product"}],"about":[{"href":"https:\/\/marouti.ma\/index.php\/wp-json\/wp\/v2\/types\/product"}],"replies":[{"embeddable":true,"href":"https:\/\/marouti.ma\/index.php\/wp-json\/wp\/v2\/comments?post=17003"}],"version-history":[{"count":4,"href":"https:\/\/marouti.ma\/index.php\/wp-json\/wp\/v2\/product\/17003\/revisions"}],"predecessor-version":[{"id":17751,"href":"https:\/\/marouti.ma\/index.php\/wp-json\/wp\/v2\/product\/17003\/revisions\/17751"}],"wp:featuredmedia":[{"embeddable":true,"href":"https:\/\/marouti.ma\/index.php\/wp-json\/wp\/v2\/media\/17359"}],"wp:attachment":[{"href":"https:\/\/marouti.ma\/index.php\/wp-json\/wp\/v2\/media?parent=17003"}],"wp:term":[{"taxonomy":"product_cat","embeddable":true,"href":"https:\/\/marouti.ma\/index.php\/wp-json\/wp\/v2\/product_cat?post=17003"},{"taxonomy":"product_tag","embeddable":true,"href":"https:\/\/marouti.ma\/index.php\/wp-json\/wp\/v2\/product_tag?post=17003"}],"curies":[{"name":"wp","href":"https:\/\/api.w.org\/{rel}","templated":true}]}}