{"id":16994,"date":"2024-03-08T11:28:09","date_gmt":"2024-03-08T11:28:09","guid":{"rendered":"https:\/\/marouti.ma\/?post_type=product&#038;p=16994"},"modified":"2024-12-20T11:20:21","modified_gmt":"2024-12-20T11:20:21","slug":"vasque-ovale-a-poser-cuivre","status":"publish","type":"product","link":"https:\/\/marouti.ma\/index.php\/product\/vasque-ovale-a-poser-cuivre\/","title":{"rendered":"Vasque ovale \u00e0 poser cuivre"},"content":{"rendered":"<ul>\n<li>un <strong>lavabo en c\u00e9ramique<\/strong> de forme ronde et peu profonde, pos\u00e9 sur un plan de travail.<\/li>\n<li>Sa caract\u00e9ristique la plus distinctive est sa <strong>finition dor\u00e9e brillante<\/strong>, qui lui conf\u00e8re un aspect luxueux et contemporain.<\/li>\n<li>Le lavabo est compl\u00e9t\u00e9 par une robinetterie en laiton dor\u00e9 assortie, soulignant ainsi l&rsquo;\u00e9l\u00e9gance de l&rsquo;ensemble.<\/li>\n<li>Dimensions: 600*405*155<\/li>\n<\/ul>\n<p>&nbsp;<\/p>\n","protected":false},"excerpt":{"rendered":"<p>un lavabo en c\u00e9ramique de forme ronde et peu profonde, pos\u00e9 sur un plan de travail. Sa caract\u00e9ristique la plus<\/p>\n","protected":false},"featured_media":17345,"comment_status":"open","ping_status":"closed","template":"","meta":{"_themeisle_gutenberg_block_has_review":false,"_joinchat":[]},"product_cat":[584],"product_tag":[],"_links":{"self":[{"href":"https:\/\/marouti.ma\/index.php\/wp-json\/wp\/v2\/product\/16994"}],"collection":[{"href":"https:\/\/marouti.ma\/index.php\/wp-json\/wp\/v2\/product"}],"about":[{"href":"https:\/\/marouti.ma\/index.php\/wp-json\/wp\/v2\/types\/product"}],"replies":[{"embeddable":true,"href":"https:\/\/marouti.ma\/index.php\/wp-json\/wp\/v2\/comments?post=16994"}],"version-history":[{"count":3,"href":"https:\/\/marouti.ma\/index.php\/wp-json\/wp\/v2\/product\/16994\/revisions"}],"predecessor-version":[{"id":17725,"href":"https:\/\/marouti.ma\/index.php\/wp-json\/wp\/v2\/product\/16994\/revisions\/17725"}],"wp:featuredmedia":[{"embeddable":true,"href":"https:\/\/marouti.ma\/index.php\/wp-json\/wp\/v2\/media\/17345"}],"wp:attachment":[{"href":"https:\/\/marouti.ma\/index.php\/wp-json\/wp\/v2\/media?parent=16994"}],"wp:term":[{"taxonomy":"product_cat","embeddable":true,"href":"https:\/\/marouti.ma\/index.php\/wp-json\/wp\/v2\/product_cat?post=16994"},{"taxonomy":"product_tag","embeddable":true,"href":"https:\/\/marouti.ma\/index.php\/wp-json\/wp\/v2\/product_tag?post=16994"}],"curies":[{"name":"wp","href":"https:\/\/api.w.org\/{rel}","templated":true}]}}