{"id":16972,"date":"2024-03-08T10:25:37","date_gmt":"2024-03-08T10:25:37","guid":{"rendered":"https:\/\/marouti.ma\/?post_type=product&#038;p=16972"},"modified":"2024-12-21T11:01:38","modified_gmt":"2024-12-21T11:01:38","slug":"vasque-a-poser","status":"publish","type":"product","link":"https:\/\/marouti.ma\/index.php\/product\/vasque-a-poser\/","title":{"rendered":"Vasque \u00e0 poser"},"content":{"rendered":"<ul>\n<li>Un vasque<strong> \u00e0 poser<\/strong> de salle de bain au design organique et contemporain.<\/li>\n<li data-sourcepos=\"7:1-7:86\"><strong>Forme:<\/strong> Ovale, avec des lignes douces et arrondies rappelant la forme d&rsquo;un galet.<\/li>\n<li data-sourcepos=\"8:1-8:79\"><strong>Mat\u00e9riau:<\/strong> C\u00e9ramique, un mat\u00e9riau durable, r\u00e9sistant et facile \u00e0 nettoyer.<\/li>\n<li data-sourcepos=\"9:1-9:78\"><strong>Finition:<\/strong> Blanc brillant, une couleur intemporelle et facile \u00e0 associer.<\/li>\n<li data-sourcepos=\"10:1-10:85\"><strong>Installation:<\/strong> \u00c0 poser sur un plan de travail, ce qui facilite son installation.<\/li>\n<li data-sourcepos=\"11:1-12:0\"><strong>Style:<\/strong> Contemporain et original, ce vasque apportera une touche de nature et de s\u00e9r\u00e9nit\u00e9 \u00e0 votre salle de bain.<\/li>\n<li>\u00c9vier de comptoir<\/li>\n<li>Dimensions:\u00a0 490*310*140<\/li>\n<\/ul>\n","protected":false},"excerpt":{"rendered":"<p>Un vasque \u00e0 poser de salle de bain au design organique et contemporain. Forme: Ovale, avec des lignes douces et<\/p>\n","protected":false},"featured_media":17331,"comment_status":"open","ping_status":"closed","template":"","meta":{"_themeisle_gutenberg_block_has_review":false,"_joinchat":[]},"product_cat":[583,580],"product_tag":[],"_links":{"self":[{"href":"https:\/\/marouti.ma\/index.php\/wp-json\/wp\/v2\/product\/16972"}],"collection":[{"href":"https:\/\/marouti.ma\/index.php\/wp-json\/wp\/v2\/product"}],"about":[{"href":"https:\/\/marouti.ma\/index.php\/wp-json\/wp\/v2\/types\/product"}],"replies":[{"embeddable":true,"href":"https:\/\/marouti.ma\/index.php\/wp-json\/wp\/v2\/comments?post=16972"}],"version-history":[{"count":3,"href":"https:\/\/marouti.ma\/index.php\/wp-json\/wp\/v2\/product\/16972\/revisions"}],"predecessor-version":[{"id":17760,"href":"https:\/\/marouti.ma\/index.php\/wp-json\/wp\/v2\/product\/16972\/revisions\/17760"}],"wp:featuredmedia":[{"embeddable":true,"href":"https:\/\/marouti.ma\/index.php\/wp-json\/wp\/v2\/media\/17331"}],"wp:attachment":[{"href":"https:\/\/marouti.ma\/index.php\/wp-json\/wp\/v2\/media?parent=16972"}],"wp:term":[{"taxonomy":"product_cat","embeddable":true,"href":"https:\/\/marouti.ma\/index.php\/wp-json\/wp\/v2\/product_cat?post=16972"},{"taxonomy":"product_tag","embeddable":true,"href":"https:\/\/marouti.ma\/index.php\/wp-json\/wp\/v2\/product_tag?post=16972"}],"curies":[{"name":"wp","href":"https:\/\/api.w.org\/{rel}","templated":true}]}}