{"id":16959,"date":"2024-03-07T17:26:13","date_gmt":"2024-03-07T17:26:13","guid":{"rendered":"https:\/\/marouti.ma\/?post_type=product&#038;p=16959"},"modified":"2024-12-21T11:18:26","modified_gmt":"2024-12-21T11:18:26","slug":"vasque-rectangulaire-a-fixation-murale","status":"publish","type":"product","link":"https:\/\/marouti.ma\/index.php\/product\/vasque-rectangulaire-a-fixation-murale\/","title":{"rendered":"Vasque rectangulaire \u00e0 fixation murale"},"content":{"rendered":"<ul>\n<li>un vasque moderne et \u00e9pur\u00e9 install\u00e9 dans une salle de bain<\/li>\n<li>Le vasque est pos\u00e9 sur un plan de travail, probablement en marbre ou en quartz, qui donne une impression de luxe.<\/li>\n<li>Le vasque\u00a0 est de forme rectangulaire et poss\u00e8de un design minimaliste. Il est fabriqu\u00e9 en c\u00e9ramique blanche, un mat\u00e9riau hygi\u00e9nique et facile \u00e0 entretenir.<\/li>\n<li>Dimensions: 405*210*100mm<\/li>\n<\/ul>\n","protected":false},"excerpt":{"rendered":"<p>un vasque moderne et \u00e9pur\u00e9 install\u00e9 dans une salle de bain Le vasque est pos\u00e9 sur un plan de travail,<\/p>\n","protected":false},"featured_media":17391,"comment_status":"open","ping_status":"closed","template":"","meta":{"_themeisle_gutenberg_block_has_review":false,"_joinchat":[]},"product_cat":[585],"product_tag":[],"_links":{"self":[{"href":"https:\/\/marouti.ma\/index.php\/wp-json\/wp\/v2\/product\/16959"}],"collection":[{"href":"https:\/\/marouti.ma\/index.php\/wp-json\/wp\/v2\/product"}],"about":[{"href":"https:\/\/marouti.ma\/index.php\/wp-json\/wp\/v2\/types\/product"}],"replies":[{"embeddable":true,"href":"https:\/\/marouti.ma\/index.php\/wp-json\/wp\/v2\/comments?post=16959"}],"version-history":[{"count":4,"href":"https:\/\/marouti.ma\/index.php\/wp-json\/wp\/v2\/product\/16959\/revisions"}],"predecessor-version":[{"id":17766,"href":"https:\/\/marouti.ma\/index.php\/wp-json\/wp\/v2\/product\/16959\/revisions\/17766"}],"wp:featuredmedia":[{"embeddable":true,"href":"https:\/\/marouti.ma\/index.php\/wp-json\/wp\/v2\/media\/17391"}],"wp:attachment":[{"href":"https:\/\/marouti.ma\/index.php\/wp-json\/wp\/v2\/media?parent=16959"}],"wp:term":[{"taxonomy":"product_cat","embeddable":true,"href":"https:\/\/marouti.ma\/index.php\/wp-json\/wp\/v2\/product_cat?post=16959"},{"taxonomy":"product_tag","embeddable":true,"href":"https:\/\/marouti.ma\/index.php\/wp-json\/wp\/v2\/product_tag?post=16959"}],"curies":[{"name":"wp","href":"https:\/\/api.w.org\/{rel}","templated":true}]}}