{"id":16923,"date":"2024-03-07T14:38:53","date_gmt":"2024-03-07T14:38:53","guid":{"rendered":"https:\/\/marouti.ma\/?post_type=product&#038;p=16923"},"modified":"2024-12-21T12:08:24","modified_gmt":"2024-12-21T12:08:24","slug":"vasque-a-poser-marbre-noir","status":"publish","type":"product","link":"https:\/\/marouti.ma\/index.php\/product\/vasque-a-poser-marbre-noir\/","title":{"rendered":"Vasque \u00e0 poser Marbre Noir"},"content":{"rendered":"<ul>\n<li>Vasque \u00e0 poser Marbre Noir<\/li>\n<li>\n<p data-sourcepos=\"3:1-3:82\"><strong>un vasque de salle de bain au design contemporain et \u00e9l\u00e9gant.<\/strong><\/p>\n<ul data-sourcepos=\"5:1-10:0\">\n<li data-sourcepos=\"5:1-5:109\"><strong>Forme:<\/strong> Le vasque poss\u00e8de une forme rectangulaire arrondie aux coins, offrant un aspect doux et moderne.<\/li>\n<li data-sourcepos=\"6:1-6:220\"><strong>Mat\u00e9riau:<\/strong> Le vasque semble \u00eatre fabriqu\u00e9 \u00e0 partir de c\u00e9ramique ou d&rsquo;un mat\u00e9riau composite imitant la pierre naturelle, comme la r\u00e9sine de pierre.<\/li>\n<li data-sourcepos=\"7:1-7:134\"><strong>Couleur:<\/strong> La couleur dominante du vasque est un noir profond, contrastant avec les veines blanches qui cr\u00e9ent un effet de marbre.<\/li>\n<li data-sourcepos=\"8:1-8:132\"><strong>Finition:<\/strong> La surface du vasque semble avoir une finition brillante, ce qui lui conf\u00e8re un aspect luxueux et facile \u00e0 nettoyer.<\/li>\n<li data-sourcepos=\"9:1-10:0\"><strong>Bonde:<\/strong> Le vasque est \u00e9quip\u00e9 d&rsquo;une bonde pop-up, un syst\u00e8me pratique pour vider l&rsquo;eau.<\/li>\n<\/ul>\n<\/li>\n<li>Dimensions: 455*325*135<\/li>\n<\/ul>\n","protected":false},"excerpt":{"rendered":"<p>Vasque \u00e0 poser Marbre Noir un vasque de salle de bain au design contemporain et \u00e9l\u00e9gant. Forme: Le vasque poss\u00e8de<\/p>\n","protected":false},"featured_media":17376,"comment_status":"open","ping_status":"closed","template":"","meta":{"_themeisle_gutenberg_block_has_review":false,"_joinchat":[]},"product_cat":[581],"product_tag":[],"_links":{"self":[{"href":"https:\/\/marouti.ma\/index.php\/wp-json\/wp\/v2\/product\/16923"}],"collection":[{"href":"https:\/\/marouti.ma\/index.php\/wp-json\/wp\/v2\/product"}],"about":[{"href":"https:\/\/marouti.ma\/index.php\/wp-json\/wp\/v2\/types\/product"}],"replies":[{"embeddable":true,"href":"https:\/\/marouti.ma\/index.php\/wp-json\/wp\/v2\/comments?post=16923"}],"version-history":[{"count":3,"href":"https:\/\/marouti.ma\/index.php\/wp-json\/wp\/v2\/product\/16923\/revisions"}],"predecessor-version":[{"id":17773,"href":"https:\/\/marouti.ma\/index.php\/wp-json\/wp\/v2\/product\/16923\/revisions\/17773"}],"wp:featuredmedia":[{"embeddable":true,"href":"https:\/\/marouti.ma\/index.php\/wp-json\/wp\/v2\/media\/17376"}],"wp:attachment":[{"href":"https:\/\/marouti.ma\/index.php\/wp-json\/wp\/v2\/media?parent=16923"}],"wp:term":[{"taxonomy":"product_cat","embeddable":true,"href":"https:\/\/marouti.ma\/index.php\/wp-json\/wp\/v2\/product_cat?post=16923"},{"taxonomy":"product_tag","embeddable":true,"href":"https:\/\/marouti.ma\/index.php\/wp-json\/wp\/v2\/product_tag?post=16923"}],"curies":[{"name":"wp","href":"https:\/\/api.w.org\/{rel}","templated":true}]}}