{"id":16859,"date":"2024-03-07T10:02:49","date_gmt":"2024-03-07T10:02:49","guid":{"rendered":"https:\/\/marouti.ma\/?post_type=product&#038;p=16859"},"modified":"2024-12-23T09:38:13","modified_gmt":"2024-12-23T09:38:13","slug":"vasque-oval-a-poser-matt-noir","status":"publish","type":"product","link":"https:\/\/marouti.ma\/index.php\/product\/vasque-oval-a-poser-matt-noir\/","title":{"rendered":"Vasque Ovale \u00e0 poser Mat Noir"},"content":{"rendered":"<ul>\n<li>\u00a0Un vasque\u00a0 d&rsquo;un mod\u00e8le moderne et \u00e9pur\u00e9, de forme ovale.<\/li>\n<li>Le vasque est pos\u00e9 sur un plan de travail\u00a0 de couleur claire.<\/li>\n<li>Sa finition est mate et noire, ce qui lui conf\u00e8re un aspect \u00e9l\u00e9gant et contemporain.<\/li>\n<li>Le vasque est perc\u00e9 d&rsquo;un seul trou pour la robinetterie en m\u00e9tal chrom\u00e9, contraste avec la couleur sombre du lavabo et apporte une touche de brillance.<\/li>\n<li>Vasque Ovale \u00e0 poser Mat Noir<\/li>\n<li>Dimensions: 480*340*145mm<\/li>\n<\/ul>\n<p>&nbsp;<\/p>\n","protected":false},"excerpt":{"rendered":"<p>\u00a0Un vasque\u00a0 d&rsquo;un mod\u00e8le moderne et \u00e9pur\u00e9, de forme ovale. Le vasque est pos\u00e9 sur un plan de travail\u00a0 de<\/p>\n","protected":false},"featured_media":17354,"comment_status":"open","ping_status":"closed","template":"","meta":{"_themeisle_gutenberg_block_has_review":false,"_joinchat":[]},"product_cat":[584],"product_tag":[],"_links":{"self":[{"href":"https:\/\/marouti.ma\/index.php\/wp-json\/wp\/v2\/product\/16859"}],"collection":[{"href":"https:\/\/marouti.ma\/index.php\/wp-json\/wp\/v2\/product"}],"about":[{"href":"https:\/\/marouti.ma\/index.php\/wp-json\/wp\/v2\/types\/product"}],"replies":[{"embeddable":true,"href":"https:\/\/marouti.ma\/index.php\/wp-json\/wp\/v2\/comments?post=16859"}],"version-history":[{"count":6,"href":"https:\/\/marouti.ma\/index.php\/wp-json\/wp\/v2\/product\/16859\/revisions"}],"predecessor-version":[{"id":17791,"href":"https:\/\/marouti.ma\/index.php\/wp-json\/wp\/v2\/product\/16859\/revisions\/17791"}],"wp:featuredmedia":[{"embeddable":true,"href":"https:\/\/marouti.ma\/index.php\/wp-json\/wp\/v2\/media\/17354"}],"wp:attachment":[{"href":"https:\/\/marouti.ma\/index.php\/wp-json\/wp\/v2\/media?parent=16859"}],"wp:term":[{"taxonomy":"product_cat","embeddable":true,"href":"https:\/\/marouti.ma\/index.php\/wp-json\/wp\/v2\/product_cat?post=16859"},{"taxonomy":"product_tag","embeddable":true,"href":"https:\/\/marouti.ma\/index.php\/wp-json\/wp\/v2\/product_tag?post=16859"}],"curies":[{"name":"wp","href":"https:\/\/api.w.org\/{rel}","templated":true}]}}