{"id":16850,"date":"2024-03-07T09:17:16","date_gmt":"2024-03-07T09:17:16","guid":{"rendered":"https:\/\/marouti.ma\/?post_type=product&#038;p=16850"},"modified":"2024-12-24T08:41:31","modified_gmt":"2024-12-24T08:41:31","slug":"vasque-dore-a-poser","status":"publish","type":"product","link":"https:\/\/marouti.ma\/index.php\/product\/vasque-dore-a-poser\/","title":{"rendered":"Vasque \u00e0 poser Ovale Dor\u00e9"},"content":{"rendered":"<ul>\n<li>un lavabo de salle de bain. Il est de forme ovale et pos\u00e9 sur un meuble de couleur bleu marine.<\/li>\n<li>Le vasque lui-m\u00eame est d&rsquo;un dor\u00e9 brillant, ce qui lui donne un aspect luxueux et contemporain<\/li>\n<li>. Le mat\u00e9riau semble \u00eatre de la c\u00e9ramique ou de la porcelaine, rev\u00eatue d&rsquo;un fini m\u00e9tallique dor\u00e9.<\/li>\n<li>Le robinet, \u00e9galement dor\u00e9, compl\u00e8te le style \u00e9pur\u00e9 et sophistiqu\u00e9 de l&rsquo;ensemble.<\/li>\n<li>Vasque \u00e0 poser Dor\u00e9 Ovale<\/li>\n<li>Dimensions: 600*405*155<\/li>\n<\/ul>\n","protected":false},"excerpt":{"rendered":"<p>un lavabo de salle de bain. Il est de forme ovale et pos\u00e9 sur un meuble de couleur bleu marine.<\/p>\n","protected":false},"featured_media":17350,"comment_status":"open","ping_status":"closed","template":"","meta":{"_themeisle_gutenberg_block_has_review":false,"_joinchat":[]},"product_cat":[584],"product_tag":[],"_links":{"self":[{"href":"https:\/\/marouti.ma\/index.php\/wp-json\/wp\/v2\/product\/16850"}],"collection":[{"href":"https:\/\/marouti.ma\/index.php\/wp-json\/wp\/v2\/product"}],"about":[{"href":"https:\/\/marouti.ma\/index.php\/wp-json\/wp\/v2\/types\/product"}],"replies":[{"embeddable":true,"href":"https:\/\/marouti.ma\/index.php\/wp-json\/wp\/v2\/comments?post=16850"}],"version-history":[{"count":4,"href":"https:\/\/marouti.ma\/index.php\/wp-json\/wp\/v2\/product\/16850\/revisions"}],"predecessor-version":[{"id":17795,"href":"https:\/\/marouti.ma\/index.php\/wp-json\/wp\/v2\/product\/16850\/revisions\/17795"}],"wp:featuredmedia":[{"embeddable":true,"href":"https:\/\/marouti.ma\/index.php\/wp-json\/wp\/v2\/media\/17350"}],"wp:attachment":[{"href":"https:\/\/marouti.ma\/index.php\/wp-json\/wp\/v2\/media?parent=16850"}],"wp:term":[{"taxonomy":"product_cat","embeddable":true,"href":"https:\/\/marouti.ma\/index.php\/wp-json\/wp\/v2\/product_cat?post=16850"},{"taxonomy":"product_tag","embeddable":true,"href":"https:\/\/marouti.ma\/index.php\/wp-json\/wp\/v2\/product_tag?post=16850"}],"curies":[{"name":"wp","href":"https:\/\/api.w.org\/{rel}","templated":true}]}}