{"id":16257,"date":"2024-02-10T11:08:15","date_gmt":"2024-02-10T11:08:15","guid":{"rendered":"https:\/\/marouti.ma\/?post_type=product&#038;p=16257"},"modified":"2025-04-16T10:22:41","modified_gmt":"2025-04-16T10:22:41","slug":"mitigeur-de-lavabo-robinet-de-salle-de-bain-noir-mat","status":"publish","type":"product","link":"https:\/\/marouti.ma\/index.php\/product\/mitigeur-de-lavabo-robinet-de-salle-de-bain-noir-mat\/","title":{"rendered":"Mitigeur de lavabo Robinet de salle de bain noir mat"},"content":{"rendered":"<ul>\n<li><span id=\"productTitle\" class=\"a-size-large product-title-word-break\">Robinets de lavabo \u00e9vier de salle de bain robinet de lavabo mitigeur d&rsquo;eau froide unique pour cuisine.\u00a0<\/span><\/li>\n<li><span class=\"a-list-item\">STYLE DE CONCEPTION UNIQUE: Ce robinet est le compl\u00e9ment parfait pour votre salle de bain avec un look saisissant, des bords arrondis lisses, un design raffin\u00e9 et \u00e9l\u00e9gant pour s&rsquo;adapter \u00e0 n&rsquo;importe quel espace dont vous disposez.Facile \u00e0 nettoyer.<\/span><\/li>\n<li><span class=\"a-list-item\">Robinet d&rsquo;eau froide simple pour salle de bain de style contemporain<\/span><\/li>\n<li><span class=\"a-list-item\">Trous d&rsquo;installation : un trou, centre du robinet : un seul trou.<\/span><\/li>\n<li><span class=\"a-list-item\">Nombre de poign\u00e9es\u00a0: poign\u00e9e unique<\/span><\/li>\n<\/ul>\n","protected":false},"excerpt":{"rendered":"<p>Robinets de lavabo \u00e9vier de salle de bain robinet de lavabo mitigeur d&rsquo;eau froide unique pour cuisine.\u00a0 STYLE DE CONCEPTION<\/p>\n","protected":false},"featured_media":16259,"comment_status":"open","ping_status":"closed","template":"","meta":{"_themeisle_gutenberg_block_has_review":false,"_joinchat":[]},"product_cat":[563],"product_tag":[],"_links":{"self":[{"href":"https:\/\/marouti.ma\/index.php\/wp-json\/wp\/v2\/product\/16257"}],"collection":[{"href":"https:\/\/marouti.ma\/index.php\/wp-json\/wp\/v2\/product"}],"about":[{"href":"https:\/\/marouti.ma\/index.php\/wp-json\/wp\/v2\/types\/product"}],"replies":[{"embeddable":true,"href":"https:\/\/marouti.ma\/index.php\/wp-json\/wp\/v2\/comments?post=16257"}],"version-history":[{"count":2,"href":"https:\/\/marouti.ma\/index.php\/wp-json\/wp\/v2\/product\/16257\/revisions"}],"predecessor-version":[{"id":18086,"href":"https:\/\/marouti.ma\/index.php\/wp-json\/wp\/v2\/product\/16257\/revisions\/18086"}],"wp:featuredmedia":[{"embeddable":true,"href":"https:\/\/marouti.ma\/index.php\/wp-json\/wp\/v2\/media\/16259"}],"wp:attachment":[{"href":"https:\/\/marouti.ma\/index.php\/wp-json\/wp\/v2\/media?parent=16257"}],"wp:term":[{"taxonomy":"product_cat","embeddable":true,"href":"https:\/\/marouti.ma\/index.php\/wp-json\/wp\/v2\/product_cat?post=16257"},{"taxonomy":"product_tag","embeddable":true,"href":"https:\/\/marouti.ma\/index.php\/wp-json\/wp\/v2\/product_tag?post=16257"}],"curies":[{"name":"wp","href":"https:\/\/api.w.org\/{rel}","templated":true}]}}