{"id":16251,"date":"2024-02-10T10:37:37","date_gmt":"2024-02-10T10:37:37","guid":{"rendered":"https:\/\/marouti.ma\/?post_type=product&#038;p=16251"},"modified":"2024-02-10T10:37:37","modified_gmt":"2024-02-10T10:37:37","slug":"mitigeur-evier-de-cuisine","status":"publish","type":"product","link":"https:\/\/marouti.ma\/index.php\/product\/mitigeur-evier-de-cuisine\/","title":{"rendered":"Mitigeur \u0116vier de Cuisine"},"content":{"rendered":"<ul>\n<li><span id=\"productTitle\" class=\"a-size-large product-title-word-break\">Robinet rotatif chaud et froid mitigeur de cuisine mitigeur bross\u00e9\u00a0<\/span><\/li>\n<li>Mitigeur \u0116vier de Cuisine<\/li>\n<li>Robinet de lavabo pour \u00e9vier de cuisine.<\/li>\n<li>Le robinet de cuisine pivotant \u00e0 360 \u00b0 offre une grande souplesse lors de la pr\u00e9paration des repas et permet de r\u00e9pondre \u00e0 tous vos besoins en mati\u00e8re de nettoyage sous diff\u00e9rents angles.<\/li>\n<\/ul>\n","protected":false},"excerpt":{"rendered":"<p>Robinet rotatif chaud et froid mitigeur de cuisine mitigeur bross\u00e9\u00a0 Mitigeur \u0116vier de Cuisine Robinet de lavabo pour \u00e9vier de<\/p>\n","protected":false},"featured_media":16255,"comment_status":"open","ping_status":"closed","template":"","meta":{"_themeisle_gutenberg_block_has_review":false,"_joinchat":[]},"product_cat":[563],"product_tag":[],"_links":{"self":[{"href":"https:\/\/marouti.ma\/index.php\/wp-json\/wp\/v2\/product\/16251"}],"collection":[{"href":"https:\/\/marouti.ma\/index.php\/wp-json\/wp\/v2\/product"}],"about":[{"href":"https:\/\/marouti.ma\/index.php\/wp-json\/wp\/v2\/types\/product"}],"replies":[{"embeddable":true,"href":"https:\/\/marouti.ma\/index.php\/wp-json\/wp\/v2\/comments?post=16251"}],"version-history":[{"count":1,"href":"https:\/\/marouti.ma\/index.php\/wp-json\/wp\/v2\/product\/16251\/revisions"}],"predecessor-version":[{"id":16256,"href":"https:\/\/marouti.ma\/index.php\/wp-json\/wp\/v2\/product\/16251\/revisions\/16256"}],"wp:featuredmedia":[{"embeddable":true,"href":"https:\/\/marouti.ma\/index.php\/wp-json\/wp\/v2\/media\/16255"}],"wp:attachment":[{"href":"https:\/\/marouti.ma\/index.php\/wp-json\/wp\/v2\/media?parent=16251"}],"wp:term":[{"taxonomy":"product_cat","embeddable":true,"href":"https:\/\/marouti.ma\/index.php\/wp-json\/wp\/v2\/product_cat?post=16251"},{"taxonomy":"product_tag","embeddable":true,"href":"https:\/\/marouti.ma\/index.php\/wp-json\/wp\/v2\/product_tag?post=16251"}],"curies":[{"name":"wp","href":"https:\/\/api.w.org\/{rel}","templated":true}]}}