{"id":16203,"date":"2024-02-09T17:38:15","date_gmt":"2024-02-09T17:38:15","guid":{"rendered":"https:\/\/marouti.ma\/?post_type=product&#038;p=16203"},"modified":"2024-12-24T08:42:58","modified_gmt":"2024-12-24T08:42:58","slug":"robinet-de-cuisine-a-360-degres-rouge","status":"publish","type":"product","link":"https:\/\/marouti.ma\/index.php\/product\/robinet-de-cuisine-a-360-degres-rouge\/","title":{"rendered":"Robinet de cuisine \u00e0 360 degr\u00e9s Rouge"},"content":{"rendered":"<ul class=\"a-unordered-list a-vertical a-spacing-mini\">\n<li><span id=\"productTitle\" class=\"a-size-large product-title-word-break\">Robinet de cuisine <\/span><span id=\"productTitle\" class=\"a-size-large product-title-word-break\">contemporain pivotant \u00e0 360 degr\u00e9s<\/span><\/li>\n<li><span id=\"productTitle\" class=\"a-size-large product-title-word-break\"> Robinet mitigeur chaud en laiton<\/span><\/li>\n<li><span id=\"productTitle\" class=\"a-size-large product-title-word-break\"> Robinet d&rsquo;\u00e9vier de cuisine \u00e0 poign\u00e9e unique Chrome, Rouge.\u00a0<\/span><\/li>\n<li class=\"a-spacing-mini\"><span class=\"a-list-item\">Rotation \u00e0 360 degr\u00e9s : 360 degr\u00e9s pour un acc\u00e8s complet \u00e0 l&rsquo;\u00e9vier, offre plus de casseroles\/casseroles et un d\u00e9gagement sup\u00e9rieur pour l&rsquo;\u00e9vier.<\/span><\/li>\n<\/ul>\n","protected":false},"excerpt":{"rendered":"<p>Robinet de cuisine contemporain pivotant \u00e0 360 degr\u00e9s Robinet mitigeur chaud en laiton Robinet d&rsquo;\u00e9vier de cuisine \u00e0 poign\u00e9e unique<\/p>\n","protected":false},"featured_media":16205,"comment_status":"open","ping_status":"closed","template":"","meta":{"_themeisle_gutenberg_block_has_review":false,"_joinchat":[]},"product_cat":[563],"product_tag":[],"_links":{"self":[{"href":"https:\/\/marouti.ma\/index.php\/wp-json\/wp\/v2\/product\/16203"}],"collection":[{"href":"https:\/\/marouti.ma\/index.php\/wp-json\/wp\/v2\/product"}],"about":[{"href":"https:\/\/marouti.ma\/index.php\/wp-json\/wp\/v2\/types\/product"}],"replies":[{"embeddable":true,"href":"https:\/\/marouti.ma\/index.php\/wp-json\/wp\/v2\/comments?post=16203"}],"version-history":[{"count":2,"href":"https:\/\/marouti.ma\/index.php\/wp-json\/wp\/v2\/product\/16203\/revisions"}],"predecessor-version":[{"id":17796,"href":"https:\/\/marouti.ma\/index.php\/wp-json\/wp\/v2\/product\/16203\/revisions\/17796"}],"wp:featuredmedia":[{"embeddable":true,"href":"https:\/\/marouti.ma\/index.php\/wp-json\/wp\/v2\/media\/16205"}],"wp:attachment":[{"href":"https:\/\/marouti.ma\/index.php\/wp-json\/wp\/v2\/media?parent=16203"}],"wp:term":[{"taxonomy":"product_cat","embeddable":true,"href":"https:\/\/marouti.ma\/index.php\/wp-json\/wp\/v2\/product_cat?post=16203"},{"taxonomy":"product_tag","embeddable":true,"href":"https:\/\/marouti.ma\/index.php\/wp-json\/wp\/v2\/product_tag?post=16203"}],"curies":[{"name":"wp","href":"https:\/\/api.w.org\/{rel}","templated":true}]}}