{"id":16165,"date":"2024-02-09T11:35:28","date_gmt":"2024-02-09T11:35:28","guid":{"rendered":"https:\/\/marouti.ma\/?post_type=product&#038;p=16165"},"modified":"2024-12-24T09:28:40","modified_gmt":"2024-12-24T09:28:40","slug":"brosse-de-toilette-inox-2","status":"publish","type":"product","link":"https:\/\/marouti.ma\/index.php\/product\/brosse-de-toilette-inox-2\/","title":{"rendered":"Brosse de toilette Inox"},"content":{"rendered":"<ul>\n<li data-sourcepos=\"5:1-5:179\">La brosse est fix\u00e9e \u00e0 un manche cylindrique<\/li>\n<li data-sourcepos=\"5:1-5:179\">\u00a0Les poils de la brosse sont g\u00e9n\u00e9ralement en plastique dur ou en nylon, con\u00e7us pour nettoyer efficacement les toilettes.<\/li>\n<li data-sourcepos=\"6:1-7:0\"><strong>Support:<\/strong> Le support est un r\u00e9cipient dans lequel la brosse est rang\u00e9e lorsqu&rsquo;elle n&rsquo;est pas utilis\u00e9e. Dans ce cas pr\u00e9cis, le support est de forme rectangulaire et semble \u00eatre fabriqu\u00e9 en acier inoxydable.<\/li>\n<li data-sourcepos=\"6:1-7:0\">Il a une base plate pour une bonne stabilit\u00e9 et un couvercle pour une hygi\u00e8ne optimale.<\/li>\n<li>Brosse de toilette carr\u00e9 en acier inoxydable.<\/li>\n<\/ul>\n","protected":false},"excerpt":{"rendered":"<p>La brosse est fix\u00e9e \u00e0 un manche cylindrique \u00a0Les poils de la brosse sont g\u00e9n\u00e9ralement en plastique dur ou en<\/p>\n","protected":false},"featured_media":16173,"comment_status":"open","ping_status":"closed","template":"","meta":{"_themeisle_gutenberg_block_has_review":false,"_joinchat":[]},"product_cat":[572],"product_tag":[],"_links":{"self":[{"href":"https:\/\/marouti.ma\/index.php\/wp-json\/wp\/v2\/product\/16165"}],"collection":[{"href":"https:\/\/marouti.ma\/index.php\/wp-json\/wp\/v2\/product"}],"about":[{"href":"https:\/\/marouti.ma\/index.php\/wp-json\/wp\/v2\/types\/product"}],"replies":[{"embeddable":true,"href":"https:\/\/marouti.ma\/index.php\/wp-json\/wp\/v2\/comments?post=16165"}],"version-history":[{"count":3,"href":"https:\/\/marouti.ma\/index.php\/wp-json\/wp\/v2\/product\/16165\/revisions"}],"predecessor-version":[{"id":17798,"href":"https:\/\/marouti.ma\/index.php\/wp-json\/wp\/v2\/product\/16165\/revisions\/17798"}],"wp:featuredmedia":[{"embeddable":true,"href":"https:\/\/marouti.ma\/index.php\/wp-json\/wp\/v2\/media\/16173"}],"wp:attachment":[{"href":"https:\/\/marouti.ma\/index.php\/wp-json\/wp\/v2\/media?parent=16165"}],"wp:term":[{"taxonomy":"product_cat","embeddable":true,"href":"https:\/\/marouti.ma\/index.php\/wp-json\/wp\/v2\/product_cat?post=16165"},{"taxonomy":"product_tag","embeddable":true,"href":"https:\/\/marouti.ma\/index.php\/wp-json\/wp\/v2\/product_tag?post=16165"}],"curies":[{"name":"wp","href":"https:\/\/api.w.org\/{rel}","templated":true}]}}