{"id":15957,"date":"2024-02-06T16:49:17","date_gmt":"2024-02-06T16:49:17","guid":{"rendered":"https:\/\/marouti.ma\/?post_type=product&#038;p=15957"},"modified":"2024-02-08T10:17:46","modified_gmt":"2024-02-08T10:17:46","slug":"etagere-dangle-en-verre-pour-salle-de-bain-chrome","status":"publish","type":"product","link":"https:\/\/marouti.ma\/index.php\/product\/etagere-dangle-en-verre-pour-salle-de-bain-chrome\/","title":{"rendered":"\u00c9tag\u00e8re coin en verre et aluminium pour salle de bain aluminium"},"content":{"rendered":"<ul>\n<li class=\"tw-data-text tw-text-large tw-ta\" dir=\"ltr\" data-placeholder=\"Traduction\" data-ved=\"2ahUKEwjpmsH3k5eEAxVBTKQEHWMsANQQ3ewLegQIARAU\"><span class=\"Y2IQFc\" lang=\"fr\">\u00c9tag\u00e8re d&rsquo;angle en verre pour salle de bain <\/span><\/li>\n<li class=\"tw-data-text tw-text-large tw-ta\" dir=\"ltr\" data-placeholder=\"Traduction\" data-ved=\"2ahUKEwjpmsH3k5eEAxVBTKQEHWMsANQQ3ewLegQIARAU\"><span class=\"Y2IQFc\" lang=\"fr\">Fixation murale \u00e0 2 niveaux\u00a0<\/span><\/li>\n<li id=\"tw-target-text\" class=\"tw-data-text tw-text-large tw-ta\" dir=\"ltr\" data-placeholder=\"Traduction\" data-ved=\"2ahUKEwjpmsH3k5eEAxVBTKQEHWMsANQQ3ewLegQIARAU\"><span class=\"Y2IQFc\" lang=\"fr\">\u00c9tag\u00e8res de salle de bain \u00e0 2 niveaux; \u00e9tag\u00e8re d&rsquo;angle en verre, panier de douche, panier de rangement, \u00e9tag\u00e8re murale en verre tremp\u00e9 en aluminium (taille : 2 niveaux)<\/span><\/li>\n<\/ul>\n","protected":false},"excerpt":{"rendered":"<p>\u00c9tag\u00e8re d&rsquo;angle en verre pour salle de bain Fixation murale \u00e0 2 niveaux\u00a0 \u00c9tag\u00e8res de salle de bain \u00e0 2<\/p>\n","protected":false},"featured_media":15958,"comment_status":"open","ping_status":"closed","template":"","meta":{"_themeisle_gutenberg_block_has_review":false,"_joinchat":[]},"product_cat":[571],"product_tag":[],"_links":{"self":[{"href":"https:\/\/marouti.ma\/index.php\/wp-json\/wp\/v2\/product\/15957"}],"collection":[{"href":"https:\/\/marouti.ma\/index.php\/wp-json\/wp\/v2\/product"}],"about":[{"href":"https:\/\/marouti.ma\/index.php\/wp-json\/wp\/v2\/types\/product"}],"replies":[{"embeddable":true,"href":"https:\/\/marouti.ma\/index.php\/wp-json\/wp\/v2\/comments?post=15957"}],"version-history":[{"count":3,"href":"https:\/\/marouti.ma\/index.php\/wp-json\/wp\/v2\/product\/15957\/revisions"}],"predecessor-version":[{"id":16037,"href":"https:\/\/marouti.ma\/index.php\/wp-json\/wp\/v2\/product\/15957\/revisions\/16037"}],"wp:featuredmedia":[{"embeddable":true,"href":"https:\/\/marouti.ma\/index.php\/wp-json\/wp\/v2\/media\/15958"}],"wp:attachment":[{"href":"https:\/\/marouti.ma\/index.php\/wp-json\/wp\/v2\/media?parent=15957"}],"wp:term":[{"taxonomy":"product_cat","embeddable":true,"href":"https:\/\/marouti.ma\/index.php\/wp-json\/wp\/v2\/product_cat?post=15957"},{"taxonomy":"product_tag","embeddable":true,"href":"https:\/\/marouti.ma\/index.php\/wp-json\/wp\/v2\/product_tag?post=15957"}],"curies":[{"name":"wp","href":"https:\/\/api.w.org\/{rel}","templated":true}]}}