{"id":15752,"date":"2024-02-02T11:17:54","date_gmt":"2024-02-02T11:17:54","guid":{"rendered":"https:\/\/marouti.ma\/?post_type=product&#038;p=15752"},"modified":"2024-02-09T10:36:11","modified_gmt":"2024-02-09T10:36:11","slug":"porte-balai-porte-papier-noir","status":"publish","type":"product","link":"https:\/\/marouti.ma\/index.php\/product\/porte-balai-porte-papier-noir\/","title":{"rendered":"Porte Balai + Porte papier Noir"},"content":{"rendered":"<ul>\n<li>Porte Balai + Porte papier Noir<\/li>\n<li>\u00c9l\u00e9gant porte-papier toilette sur pied noir, dot\u00e9 d&rsquo;un d\u00e9rouleur hygi\u00e9nique et d&rsquo;une brosse WC assortie pour une touche raffin\u00e9e dans votre salle de bains.<\/li>\n<li>Porte-rouleau de papier toilette et brosse de toilette avec ensemble 2-en-1.<\/li>\n<\/ul>\n","protected":false},"excerpt":{"rendered":"<p>Porte Balai + Porte papier Noir \u00c9l\u00e9gant porte-papier toilette sur pied noir, dot\u00e9 d&rsquo;un d\u00e9rouleur hygi\u00e9nique et d&rsquo;une brosse WC<\/p>\n","protected":false},"featured_media":15753,"comment_status":"open","ping_status":"closed","template":"","meta":{"_themeisle_gutenberg_block_has_review":false,"_joinchat":[]},"product_cat":[572],"product_tag":[],"_links":{"self":[{"href":"https:\/\/marouti.ma\/index.php\/wp-json\/wp\/v2\/product\/15752"}],"collection":[{"href":"https:\/\/marouti.ma\/index.php\/wp-json\/wp\/v2\/product"}],"about":[{"href":"https:\/\/marouti.ma\/index.php\/wp-json\/wp\/v2\/types\/product"}],"replies":[{"embeddable":true,"href":"https:\/\/marouti.ma\/index.php\/wp-json\/wp\/v2\/comments?post=15752"}],"version-history":[{"count":3,"href":"https:\/\/marouti.ma\/index.php\/wp-json\/wp\/v2\/product\/15752\/revisions"}],"predecessor-version":[{"id":16146,"href":"https:\/\/marouti.ma\/index.php\/wp-json\/wp\/v2\/product\/15752\/revisions\/16146"}],"wp:featuredmedia":[{"embeddable":true,"href":"https:\/\/marouti.ma\/index.php\/wp-json\/wp\/v2\/media\/15753"}],"wp:attachment":[{"href":"https:\/\/marouti.ma\/index.php\/wp-json\/wp\/v2\/media?parent=15752"}],"wp:term":[{"taxonomy":"product_cat","embeddable":true,"href":"https:\/\/marouti.ma\/index.php\/wp-json\/wp\/v2\/product_cat?post=15752"},{"taxonomy":"product_tag","embeddable":true,"href":"https:\/\/marouti.ma\/index.php\/wp-json\/wp\/v2\/product_tag?post=15752"}],"curies":[{"name":"wp","href":"https:\/\/api.w.org\/{rel}","templated":true}]}}