{"id":4400,"date":"2021-10-12T15:51:09","date_gmt":"2021-10-12T15:51:09","guid":{"rendered":"http:\/\/dummy.xtemos.com\/woodmart2\/elementor\/?page_id=4400"},"modified":"2024-02-13T10:43:24","modified_gmt":"2024-02-13T10:43:24","slug":"a-propos","status":"publish","type":"page","link":"https:\/\/marouti.ma\/index.php\/a-propos\/","title":{"rendered":"A Propos"},"content":{"rendered":"\t\t<div data-elementor-type=\"wp-page\" data-elementor-id=\"4400\" class=\"elementor elementor-4400\">\n\t\t\t\t\t\t<section class=\"elementor-section elementor-top-section elementor-element elementor-element-2a58cf29 wd-section-stretch elementor-section-boxed elementor-section-height-default elementor-section-height-default\" data-id=\"2a58cf29\" data-element_type=\"section\" data-settings=\"{&quot;background_background&quot;:&quot;classic&quot;}\">\n\t\t\t\t\t\t<div class=\"elementor-container elementor-column-gap-default\">\n\t\t\t\t\t<div class=\"elementor-column elementor-col-50 elementor-top-column elementor-element elementor-element-2c7bac1e\" data-id=\"2c7bac1e\" data-element_type=\"column\">\n\t\t\t<div class=\"elementor-widget-wrap elementor-element-populated\">\n\t\t\t\t\t\t<div class=\"elementor-element elementor-element-19019d43 wd-width-100 elementor-widget elementor-widget-wd_title\" data-id=\"19019d43\" data-element_type=\"widget\" data-widget_type=\"wd_title.default\">\n\t\t\t\t<div class=\"elementor-widget-container\">\n\t\t\t\t\t\t\t<div class=\"title-wrapper set-mb-s reset-last-child wd-title-color-primary wd-title-style-default wd-title-size-default text-left\">\n\n\t\t\t\t\t\t\t<div class=\"title-subtitle subtitle-color-primary subtitle-style-default wd-fontsize-xs\">\n\t\t\t\t\tQuelques mots \u00e0 propos de nous\t\t\t\t<\/div>\n\t\t\t\n\t\t\t<div class=\"liner-continer\">\n\t\t\t\t<h4 class=\"woodmart-title-container title wd-fontsize-l\">Nous sommes le lieu id\u00e9al pour d\u00e9couvrir une large gamme de produits sanitaires <\/h4> \n\t\t\t\t\t\t\t<\/div>\n\n\t\t\t\t\t\t\t<div class=\"title-after_title set-cont-mb-s reset-last-child wd-fontsize-xs\">\n\t\t\t\t\t<p>Explorez notre showroom sp\u00e9cialis\u00e9 dans les produits sanitaires, o\u00f9 le luxe et la fonctionnalit\u00e9 se combinent pour cr\u00e9er des espaces \u00e0 la fois \u00e9l\u00e9gants et pratiques. D\u00e9couvrez notre vaste s\u00e9lection de robinetterie, de cabines de douche, de baignoires et bien d'autres articles soigneusement choisis pour r\u00e9pondre \u00e0 tous les styles et besoins.<\/p>\t\t\t\t<\/div>\n\t\t\t\t\t<\/div>\n\t\t\t\t\t\t<\/div>\n\t\t\t\t<\/div>\n\t\t\t\t\t<\/div>\n\t\t<\/div>\n\t\t\t\t<div class=\"elementor-column elementor-col-25 elementor-top-column elementor-element elementor-element-7ad5da9f elementor-hidden-mobile\" data-id=\"7ad5da9f\" data-element_type=\"column\">\n\t\t\t<div class=\"elementor-widget-wrap elementor-element-populated\">\n\t\t\t\t\t\t<div class=\"elementor-element elementor-element-0912023 elementor-widget elementor-widget-wd_image_or_svg\" data-id=\"0912023\" data-element_type=\"widget\" data-widget_type=\"wd_image_or_svg.default\">\n\t\t\t\t<div class=\"elementor-widget-container\">\n\t\t\t\t\t\n\t\t<div class=\"wd-image text-left\">\n\t\t\t\t\t\t\t\t<img fetchpriority=\"high\" decoding=\"async\" width=\"333\" height=\"500\" src=\"https:\/\/marouti.ma\/wp-content\/uploads\/2024\/02\/3c64f3893a21f980eba403f88c1368a3.jpg\" class=\"attachment-full size-full\" alt=\"\" srcset=\"https:\/\/marouti.ma\/wp-content\/uploads\/2024\/02\/3c64f3893a21f980eba403f88c1368a3.jpg 333w, https:\/\/marouti.ma\/wp-content\/uploads\/2024\/02\/3c64f3893a21f980eba403f88c1368a3-200x300.jpg 200w, https:\/\/marouti.ma\/wp-content\/uploads\/2024\/02\/3c64f3893a21f980eba403f88c1368a3-533x800.jpg 533w, https:\/\/marouti.ma\/wp-content\/uploads\/2024\/02\/3c64f3893a21f980eba403f88c1368a3-430x645.jpg 430w, https:\/\/marouti.ma\/wp-content\/uploads\/2024\/02\/3c64f3893a21f980eba403f88c1368a3-150x225.jpg 150w\" sizes=\"(max-width: 333px) 100vw, 333px\" \/>\t\t\t\t\t<\/div>\n\n\t\t\t\t\t\t<\/div>\n\t\t\t\t<\/div>\n\t\t\t\t<div class=\"elementor-element elementor-element-35ee7480 elementor-widget elementor-widget-wd_image_or_svg\" data-id=\"35ee7480\" data-element_type=\"widget\" data-widget_type=\"wd_image_or_svg.default\">\n\t\t\t\t<div class=\"elementor-widget-container\">\n\t\t\t\t\t\n\t\t<div class=\"wd-image text-left\">\n\t\t\t\t\t\t\t\t<img decoding=\"async\" width=\"375\" height=\"500\" src=\"https:\/\/marouti.ma\/wp-content\/uploads\/2024\/02\/6ae594ec5f7982b2a03a3b808b336f16.jpg\" class=\"attachment-full size-full\" alt=\"\" srcset=\"https:\/\/marouti.ma\/wp-content\/uploads\/2024\/02\/6ae594ec5f7982b2a03a3b808b336f16.jpg 375w, https:\/\/marouti.ma\/wp-content\/uploads\/2024\/02\/6ae594ec5f7982b2a03a3b808b336f16-225x300.jpg 225w, https:\/\/marouti.ma\/wp-content\/uploads\/2024\/02\/6ae594ec5f7982b2a03a3b808b336f16-430x573.jpg 430w, https:\/\/marouti.ma\/wp-content\/uploads\/2024\/02\/6ae594ec5f7982b2a03a3b808b336f16-150x200.jpg 150w\" sizes=\"(max-width: 375px) 100vw, 375px\" \/>\t\t\t\t\t<\/div>\n\n\t\t\t\t\t\t<\/div>\n\t\t\t\t<\/div>\n\t\t\t\t\t<\/div>\n\t\t<\/div>\n\t\t\t\t<div class=\"elementor-column elementor-col-25 elementor-top-column elementor-element elementor-element-5449800c\" data-id=\"5449800c\" data-element_type=\"column\">\n\t\t\t<div class=\"elementor-widget-wrap elementor-element-populated\">\n\t\t\t\t\t\t<div class=\"elementor-element elementor-element-65a31da5 elementor-widget elementor-widget-wd_image_or_svg\" data-id=\"65a31da5\" data-element_type=\"widget\" data-widget_type=\"wd_image_or_svg.default\">\n\t\t\t\t<div class=\"elementor-widget-container\">\n\t\t\t\t\t\n\t\t<div class=\"wd-image text-left\">\n\t\t\t\t\t\t\t\t<img decoding=\"async\" width=\"403\" height=\"500\" src=\"https:\/\/marouti.ma\/wp-content\/uploads\/2024\/02\/democratik-design-robinet-salledebain-envol-bas4-2.jpg\" class=\"attachment-full size-full\" alt=\"\" srcset=\"https:\/\/marouti.ma\/wp-content\/uploads\/2024\/02\/democratik-design-robinet-salledebain-envol-bas4-2.jpg 403w, https:\/\/marouti.ma\/wp-content\/uploads\/2024\/02\/democratik-design-robinet-salledebain-envol-bas4-2-242x300.jpg 242w, https:\/\/marouti.ma\/wp-content\/uploads\/2024\/02\/democratik-design-robinet-salledebain-envol-bas4-2-645x800.jpg 645w, https:\/\/marouti.ma\/wp-content\/uploads\/2024\/02\/democratik-design-robinet-salledebain-envol-bas4-2-768x952.jpg 768w, https:\/\/marouti.ma\/wp-content\/uploads\/2024\/02\/democratik-design-robinet-salledebain-envol-bas4-2-860x1066.jpg 860w, https:\/\/marouti.ma\/wp-content\/uploads\/2024\/02\/democratik-design-robinet-salledebain-envol-bas4-2-430x533.jpg 430w, https:\/\/marouti.ma\/wp-content\/uploads\/2024\/02\/democratik-design-robinet-salledebain-envol-bas4-2-700x868.jpg 700w, https:\/\/marouti.ma\/wp-content\/uploads\/2024\/02\/democratik-design-robinet-salledebain-envol-bas4-2-150x186.jpg 150w\" sizes=\"(max-width: 403px) 100vw, 403px\" \/>\t\t\t\t\t<\/div>\n\n\t\t\t\t\t\t<\/div>\n\t\t\t\t<\/div>\n\t\t\t\t<div class=\"elementor-element elementor-element-568e577 elementor-widget elementor-widget-wd_image_or_svg\" data-id=\"568e577\" data-element_type=\"widget\" data-widget_type=\"wd_image_or_svg.default\">\n\t\t\t\t<div class=\"elementor-widget-container\">\n\t\t\t\t\t\n\t\t<div class=\"wd-image text-left\">\n\t\t\t\t\t\t\t\t<img loading=\"lazy\" decoding=\"async\" width=\"333\" height=\"500\" src=\"https:\/\/marouti.ma\/wp-content\/uploads\/2024\/02\/4fd46eb189b648d99e08c35b9b8d5c7f.jpg\" class=\"attachment-full size-full\" alt=\"\" srcset=\"https:\/\/marouti.ma\/wp-content\/uploads\/2024\/02\/4fd46eb189b648d99e08c35b9b8d5c7f.jpg 333w, https:\/\/marouti.ma\/wp-content\/uploads\/2024\/02\/4fd46eb189b648d99e08c35b9b8d5c7f-200x300.jpg 200w, https:\/\/marouti.ma\/wp-content\/uploads\/2024\/02\/4fd46eb189b648d99e08c35b9b8d5c7f-533x800.jpg 533w, https:\/\/marouti.ma\/wp-content\/uploads\/2024\/02\/4fd46eb189b648d99e08c35b9b8d5c7f-430x645.jpg 430w, https:\/\/marouti.ma\/wp-content\/uploads\/2024\/02\/4fd46eb189b648d99e08c35b9b8d5c7f-150x225.jpg 150w\" sizes=\"(max-width: 333px) 100vw, 333px\" \/>\t\t\t\t\t<\/div>\n\n\t\t\t\t\t\t<\/div>\n\t\t\t\t<\/div>\n\t\t\t\t\t<\/div>\n\t\t<\/div>\n\t\t\t\t\t<\/div>\n\t\t<\/section>\n\t\t\t\t<section class=\"elementor-section elementor-top-section elementor-element elementor-element-1d56aa8e wd-section-stretch elementor-section-boxed elementor-section-height-default elementor-section-height-default\" data-id=\"1d56aa8e\" data-element_type=\"section\" data-settings=\"{&quot;background_background&quot;:&quot;classic&quot;}\">\n\t\t\t\t\t\t<div class=\"elementor-container elementor-column-gap-default\">\n\t\t\t\t\t<div class=\"elementor-column elementor-col-100 elementor-top-column elementor-element elementor-element-5c889d5b color-scheme-light\" data-id=\"5c889d5b\" data-element_type=\"column\">\n\t\t\t<div class=\"elementor-widget-wrap elementor-element-populated\">\n\t\t\t\t\t\t<section class=\"elementor-section elementor-inner-section elementor-element elementor-element-4709d728 elementor-section-content-bottom elementor-section-boxed elementor-section-height-default elementor-section-height-default\" data-id=\"4709d728\" data-element_type=\"section\">\n\t\t\t\t\t\t<div class=\"elementor-container elementor-column-gap-extended\">\n\t\t\t\t\t<div class=\"elementor-column elementor-col-50 elementor-inner-column elementor-element elementor-element-1dde2460 color-scheme-light\" data-id=\"1dde2460\" data-element_type=\"column\">\n\t\t\t<div class=\"elementor-widget-wrap elementor-element-populated\">\n\t\t\t\t\t\t<div class=\"elementor-element elementor-element-7e80e9d9 elementor-widget elementor-widget-image\" data-id=\"7e80e9d9\" data-element_type=\"widget\" data-widget_type=\"image.default\">\n\t\t\t\t<div class=\"elementor-widget-container\">\n\t\t\t\t\t\t\t\t\t\t\t\t\t\t\t<img loading=\"lazy\" decoding=\"async\" width=\"150\" height=\"150\" src=\"https:\/\/marouti.ma\/wp-content\/uploads\/2024\/02\/a563891754d78215233bfface93d6bbf-150x150.jpg\" class=\"attachment-thumbnail size-thumbnail wp-image-16452\" alt=\"\" \/>\t\t\t\t\t\t\t\t\t\t\t\t\t\t\t<\/div>\n\t\t\t\t<\/div>\n\t\t\t\t<div class=\"elementor-element elementor-element-607a528b wd-width-100 elementor-widget elementor-widget-wd_title\" data-id=\"607a528b\" data-element_type=\"widget\" data-widget_type=\"wd_title.default\">\n\t\t\t\t<div class=\"elementor-widget-container\">\n\t\t\t\t\t\t\t<div class=\"title-wrapper set-mb-s reset-last-child wd-title-color-primary wd-title-style-default wd-title-size-large text-left\">\n\n\t\t\t\n\t\t\t<div class=\"liner-continer\">\n\t\t\t\t<h4 class=\"woodmart-title-container title wd-fontsize-xxl\">Faites-nous confiance!<\/h4> \n\t\t\t\t\t\t\t<\/div>\n\n\t\t\t\t\t<\/div>\n\t\t\t\t\t\t<\/div>\n\t\t\t\t<\/div>\n\t\t\t\t\t<\/div>\n\t\t<\/div>\n\t\t\t\t<div class=\"elementor-column elementor-col-50 elementor-inner-column elementor-element elementor-element-3c189284 elementor-hidden-phone\" data-id=\"3c189284\" data-element_type=\"column\">\n\t\t\t<div class=\"elementor-widget-wrap elementor-element-populated\">\n\t\t\t\t\t\t<div class=\"elementor-element elementor-element-2d0936e4 wd-width-100 elementor-widget elementor-widget-wd_title\" data-id=\"2d0936e4\" data-element_type=\"widget\" data-widget_type=\"wd_title.default\">\n\t\t\t\t<div class=\"elementor-widget-container\">\n\t\t\t\t\t\t\t<div class=\"title-wrapper set-mb-s reset-last-child wd-title-color-white wd-title-style-default wd-title-size-default text-left\">\n\n\t\t\t\n\t\t\t<div class=\"liner-continer\">\n\t\t\t\t<h4 class=\"woodmart-title-container title wd-fontsize-l\">Collaboration avec le client<\/h4> \n\t\t\t\t\t\t\t<\/div>\n\n\t\t\t\t\t\t\t<div class=\"title-after_title set-cont-mb-s reset-last-child wd-fontsize-xs\">\n\t\t\t\t\t<p>\u00a0<\/p><p>Faites partie de notre communaut\u00e9 en partageant votre exp\u00e9rience ! Laissez-nous savoir ce que vous pensez de nos produits en laissant un avis honn\u00eate sur notre site web, sur les r\u00e9seaux sociaux ou sur d'autres plateformes d'\u00e9valuation. Vos retours contribuent \u00e0 renforcer la confiance de notre communaut\u00e9 et nous aident \u00e0 mieux vous servir.<\/p>\t\t\t\t<\/div>\n\t\t\t\t\t<\/div>\n\t\t\t\t\t\t<\/div>\n\t\t\t\t<\/div>\n\t\t\t\t\t<\/div>\n\t\t<\/div>\n\t\t\t\t\t<\/div>\n\t\t<\/section>\n\t\t\t\t<section class=\"elementor-section elementor-inner-section elementor-element elementor-element-509dbf25 elementor-section-boxed elementor-section-height-default elementor-section-height-default\" data-id=\"509dbf25\" data-element_type=\"section\">\n\t\t\t\t\t\t<div class=\"elementor-container elementor-column-gap-default\">\n\t\t\t\t\t<div class=\"elementor-column elementor-col-100 elementor-inner-column elementor-element elementor-element-73958a81\" data-id=\"73958a81\" data-element_type=\"column\">\n\t\t\t<div class=\"elementor-widget-wrap elementor-element-populated\">\n\t\t\t\t\t\t<div class=\"elementor-element elementor-element-474bba43 wd-width-100 elementor-widget elementor-widget-wd_images_gallery\" data-id=\"474bba43\" data-element_type=\"widget\" data-widget_type=\"wd_images_gallery.default\">\n\t\t\t\t<div class=\"elementor-widget-container\">\n\t\t\t\t\t\t\t<div class=\"wd-images-gallery photoswipe-images wd-carousel-container\" style=\"--wd-align-items:center; --wd-justify-content:left;\">\n\t\t\t\t\t\t\t<div class=\"wd-carousel-inner\">\n\t\t\t\t\t\t<div class=\"wd-carousel wd-grid\" data-scroll_per_page=\"yes\" style=\"--wd-col-lg:5;--wd-col-md:4;--wd-col-sm:2;--wd-gap-lg:30px;--wd-gap-sm:10px;\">\n\t\t\t\t\t\t\t\t\t<div class=\"wd-carousel-wrap\">\n\t\t\t\t\t\t\t\t\t\t\t\t\t\t\t\t\t\t<div class=\"wd-gallery-item wd-carousel-item\">\n\t\t\t\t\t\t\t\t\t\t\t\t\t<a  href=\"https:\/\/marouti.ma\/wp-content\/uploads\/2024\/02\/358643020_781066230482437_259625395205402184_n.jpg\"data-width=\"500\" data-height=\"497\" data-index=\"1\" data-elementor-open-lightbox=\"no\">\n\t\t\t\t\t\t\n\t\t\t\t\t\t<img decoding=\"async\" src=\"https:\/\/marouti.ma\/wp-content\/uploads\/2024\/02\/358643020_781066230482437_259625395205402184_n-150x150.jpg\"alt=\"358643020_781066230482437_259625395205402184_n\">\n\t\t\t\t\t\t\t\t\t\t\t\t\t<\/a>\n\t\t\t\t\t\t\t\t\t\t\t<\/div>\n\t\t\t\t\t\t\t\t\t\t\t\t\t\t\t<div class=\"wd-gallery-item wd-carousel-item\">\n\t\t\t\t\t\t\t\t\t\t\t\t\t<a  href=\"https:\/\/marouti.ma\/wp-content\/uploads\/2024\/02\/photo_2024-02-12_15-21-48.jpg\"data-width=\"500\" data-height=\"357\" data-index=\"2\" data-elementor-open-lightbox=\"no\">\n\t\t\t\t\t\t\n\t\t\t\t\t\t<img decoding=\"async\" src=\"https:\/\/marouti.ma\/wp-content\/uploads\/2024\/02\/photo_2024-02-12_15-21-48-150x150.jpg\"alt=\"photo_2024-02-12_15-21-48\">\n\t\t\t\t\t\t\t\t\t\t\t\t\t<\/a>\n\t\t\t\t\t\t\t\t\t\t\t<\/div>\n\t\t\t\t\t\t\t\t\t\t\t\t\t\t\t<div class=\"wd-gallery-item wd-carousel-item\">\n\t\t\t\t\t\t\t\t\t\t\t\t\t<a  href=\"https:\/\/marouti.ma\/wp-content\/uploads\/2024\/02\/Sans-titre-700-x-800-px-700-x-800-px-700-x-394-px.png\"data-width=\"500\" data-height=\"281\" data-index=\"3\" data-elementor-open-lightbox=\"no\">\n\t\t\t\t\t\t\n\t\t\t\t\t\t<img decoding=\"async\" src=\"https:\/\/marouti.ma\/wp-content\/uploads\/2024\/02\/Sans-titre-700-x-800-px-700-x-800-px-700-x-394-px-150x150.png\"alt=\"Sans titre (700 x 800 px) (700 x 800 px) (700 x 394 px)\">\n\t\t\t\t\t\t\t\t\t\t\t\t\t<\/a>\n\t\t\t\t\t\t\t\t\t\t\t<\/div>\n\t\t\t\t\t\t\t\t\t\t\t\t\t\t\t\t<\/div>\n\t\t\t\t\t\t\t\t<\/div>\n\t\t\t\t\t\t\t\t\t\t\t\t\t\t<div class=\"wd-nav-arrows wd-pos-sep wd-hover-1 wd-icon-1\">\n\t\t\t<div class=\"wd-btn-arrow wd-prev wd-disabled\">\n\t\t\t\t<div class=\"wd-arrow-inner\"><\/div>\n\t\t\t<\/div>\n\t\t\t<div class=\"wd-btn-arrow wd-next\">\n\t\t\t\t<div class=\"wd-arrow-inner\"><\/div>\n\t\t\t<\/div>\n\t\t<\/div>\n\t\t\t\t\t\t\n\t\t\t\t<\/div>\n\n\t\t\t\t\t\t\t\t\t\t\t\t\t<\/div>\n\t\t\t\t\t\t<\/div>\n\t\t\t\t<\/div>\n\t\t\t\t\t<\/div>\n\t\t<\/div>\n\t\t\t\t\t<\/div>\n\t\t<\/section>\n\t\t\t\t\t<\/div>\n\t\t<\/div>\n\t\t\t\t\t<\/div>\n\t\t<\/section>\n\t\t\t\t<section class=\"elementor-section elementor-top-section elementor-element elementor-element-6c44fef2 wd-section-stretch elementor-section-content-middle elementor-section-boxed elementor-section-height-default elementor-section-height-default\" data-id=\"6c44fef2\" data-element_type=\"section\" data-settings=\"{&quot;background_background&quot;:&quot;classic&quot;}\">\n\t\t\t\t\t\t<div class=\"elementor-container elementor-column-gap-extended\">\n\t\t\t\t\t<div class=\"elementor-column elementor-col-50 elementor-top-column elementor-element elementor-element-126f1093\" data-id=\"126f1093\" data-element_type=\"column\">\n\t\t\t<div class=\"elementor-widget-wrap elementor-element-populated\">\n\t\t\t\t\t\t<div class=\"elementor-element elementor-element-bb6edb0 elementor-widget__width-initial wd-width-100 elementor-widget elementor-widget-wd_images_gallery\" data-id=\"bb6edb0\" data-element_type=\"widget\" data-widget_type=\"wd_images_gallery.default\">\n\t\t\t\t<div class=\"elementor-widget-container\">\n\t\t\t\t\t\t\t<div class=\"wd-images-gallery\" style=\"--wd-align-items:center; --wd-justify-content:center;\">\n\t\t\t\t\t\t<div class=\"wd-grid-g\" style=\"--wd-col-lg:2;--wd-col-md:2;--wd-col-sm:1;--wd-gap-lg:10px;\" >\n\t\t\t\t\t\t\t\t\t\t\t\t\t\t\t\t\t\t<div class=\"wd-gallery-item wd-col\">\n\t\t\t\t\t\t\n\t\t\t\t\t\t<img decoding=\"async\" src=\"https:\/\/marouti.ma\/wp-content\/uploads\/2024\/02\/photo_2024-02-12_12-17-03.jpg\"alt=\"photo_2024-02-12_12-17-03\">\n\t\t\t\t\t\t\t\t\t\t\t<\/div>\n\t\t\t\t\t\t\t\t\t\t\t\t\t\t\t<div class=\"wd-gallery-item wd-col\">\n\t\t\t\t\t\t\n\t\t\t\t\t\t<img decoding=\"async\" src=\"https:\/\/marouti.ma\/wp-content\/uploads\/2024\/02\/photo_2024-02-12_12-17-05.jpg\"alt=\"photo_2024-02-12_12-17-05\">\n\t\t\t\t\t\t\t\t\t\t\t<\/div>\n\t\t\t\t\t\t\t\t\t\t\t\t\t<\/div>\n\t\t\t\t\t<\/div>\n\t\t\t\t\t\t<\/div>\n\t\t\t\t<\/div>\n\t\t\t\t\t<\/div>\n\t\t<\/div>\n\t\t\t\t<div class=\"elementor-column elementor-col-50 elementor-top-column elementor-element elementor-element-51be6ac8 color-scheme-light\" data-id=\"51be6ac8\" data-element_type=\"column\">\n\t\t\t<div class=\"elementor-widget-wrap elementor-element-populated\">\n\t\t\t\t\t\t<div class=\"elementor-element elementor-element-3e298b6b wd-width-100 elementor-widget elementor-widget-wd_title\" data-id=\"3e298b6b\" data-element_type=\"widget\" data-widget_type=\"wd_title.default\">\n\t\t\t\t<div class=\"elementor-widget-container\">\n\t\t\t\t\t\t\t<div class=\"title-wrapper set-mb-s reset-last-child wd-title-color-default wd-title-style-default wd-title-size-default text-left\">\n\n\t\t\t\n\t\t\t<div class=\"liner-continer\">\n\t\t\t\t<h4 class=\"woodmart-title-container title wd-fontsize-l\">Marouti FES <\/h4> \n\t\t\t\t\t\t\t<\/div>\n\n\t\t\t\t\t<\/div>\n\t\t\t\t\t\t<\/div>\n\t\t\t\t<\/div>\n\t\t\t\t<div class=\"elementor-element elementor-element-2be3436f wd-width-100 elementor-widget elementor-widget-wd_title\" data-id=\"2be3436f\" data-element_type=\"widget\" data-widget_type=\"wd_title.default\">\n\t\t\t\t<div class=\"elementor-widget-container\">\n\t\t\t\t\t\t\t<div class=\"title-wrapper set-mb-s reset-last-child wd-title-color-default wd-title-style-default wd-title-size-default text-left\">\n\n\t\t\t\n\t\t\t<div class=\"liner-continer\">\n\t\t\t\t<h4 class=\"woodmart-title-container title wd-fontsize-l wd-underline-colored\">SHOWROOM <u> DE SANITAIRE<\/u><\/h4> \n\t\t\t\t\t\t\t<\/div>\n\n\t\t\t\t\t\t\t<div class=\"title-after_title set-cont-mb-s reset-last-child wd-fontsize-xs\">\n\t\t\t\t\t<p>D\u00e9couvrez notre showroom de sanitaires ! Qualit\u00e9, style et confort vous y attendent. Trouvez tout ce dont vous avez besoin pour votre salle de bain parmi notre s\u00e9lection exclusive.<\/p>\t\t\t\t<\/div>\n\t\t\t\t\t<\/div>\n\t\t\t\t\t\t<\/div>\n\t\t\t\t<\/div>\n\t\t\t\t<div class=\"elementor-element elementor-element-c284175 elementor-widget__width-auto elementor-widget elementor-widget-wd_button\" data-id=\"c284175\" data-element_type=\"widget\" data-widget_type=\"wd_button.default\">\n\t\t\t\t<div class=\"elementor-widget-container\">\n\t\t\t\t\t\t\t<div class=\"wd-button-wrapper text-left\" >\n\t\t\t<a class=\"btn btn-style-round btn-style-rectangle btn-size-default btn-color-primary btn-icon-pos-right\"  href=\"https:\/\/marouti.ma\/\">\n\t\t\t\t<span class=\"wd-btn-text\" data-elementor-setting-key=\"text\">\n\t\t\t\t\t Voir plus\t\t\t\t<\/span>\n\n\t\t\t\t\t\t\t<\/a>\n\t\t<\/div>\n\t\t\t\t\t\t<\/div>\n\t\t\t\t<\/div>\n\t\t\t\t\t<\/div>\n\t\t<\/div>\n\t\t\t\t\t<\/div>\n\t\t<\/section>\n\t\t\t\t<\/div>\n\t\t","protected":false},"excerpt":{"rendered":"<p>Quelques mots \u00e0 propos de nous Nous sommes le lieu id\u00e9al pour d\u00e9couvrir une large gamme de produits sanitaires Explorez<\/p>\n","protected":false},"author":1,"featured_media":0,"parent":0,"menu_order":0,"comment_status":"closed","ping_status":"closed","template":"","meta":{"_themeisle_gutenberg_block_has_review":false,"footnotes":"","_joinchat":[]},"_hostinger_reach_plugin_has_subscription_block":false,"_hostinger_reach_plugin_is_elementor":false,"_links":{"self":[{"href":"https:\/\/marouti.ma\/index.php\/wp-json\/wp\/v2\/pages\/4400"}],"collection":[{"href":"https:\/\/marouti.ma\/index.php\/wp-json\/wp\/v2\/pages"}],"about":[{"href":"https:\/\/marouti.ma\/index.php\/wp-json\/wp\/v2\/types\/page"}],"author":[{"embeddable":true,"href":"https:\/\/marouti.ma\/index.php\/wp-json\/wp\/v2\/users\/1"}],"replies":[{"embeddable":true,"href":"https:\/\/marouti.ma\/index.php\/wp-json\/wp\/v2\/comments?post=4400"}],"version-history":[{"count":40,"href":"https:\/\/marouti.ma\/index.php\/wp-json\/wp\/v2\/pages\/4400\/revisions"}],"predecessor-version":[{"id":16473,"href":"https:\/\/marouti.ma\/index.php\/wp-json\/wp\/v2\/pages\/4400\/revisions\/16473"}],"wp:attachment":[{"href":"https:\/\/marouti.ma\/index.php\/wp-json\/wp\/v2\/media?parent=4400"}],"curies":[{"name":"wp","href":"https:\/\/api.w.org\/{rel}","templated":true}]}}